{"id":348,"date":"2024-03-10T08:52:38","date_gmt":"2024-03-10T07:52:38","guid":{"rendered":"https:\/\/fromagesenbalade.com\/?post_type=product&#038;p=348"},"modified":"2024-03-10T08:52:38","modified_gmt":"2024-03-10T07:52:38","slug":"valencay","status":"publish","type":"product","link":"https:\/\/fromagesenbalade.com\/index.php\/produit\/valencay\/","title":{"rendered":"Valen\u00e7ay"},"content":{"rendered":"<p>Fromage AOP au lait cru de ch\u00e8vre, affin\u00e9 3 semaines et fabriqu\u00e9 dans le Centre. Au nez, des senteurs caprines et florales se font remarquer, et au palais la p\u00e2te fine et onctueuse r\u00e9v\u00e8le des saveurs lactiques et acidul\u00e9es et des ar\u00f4mes de foin coup\u00e9 et de fruits secs.<\/p>\n","protected":false},"excerpt":{"rendered":"<p>Fromage AOP au lait cru de ch\u00e8vre, affin\u00e9 3 semaines et fabriqu\u00e9 dans le Centre. Au nez, des senteurs caprines et florales se font remarquer, et au palais la p\u00e2te fine et onctueuse r\u00e9v\u00e8le des saveurs lactiques et acidul\u00e9es et des ar\u00f4mes de foin coup\u00e9 et de fruits secs.<\/p>\n","protected":false},"featured_media":349,"comment_status":"open","ping_status":"closed","template":"","meta":{"_et_pb_use_builder":"","_et_pb_old_content":"","_et_gb_content_width":""},"product_cat":[19,28],"product_tag":[93],"yoast_head":"<!-- This site is optimized with the Yoast SEO plugin v22.2 - https:\/\/yoast.com\/wordpress\/plugins\/seo\/ -->\n<title>Valen\u00e7ay - fromagesenbalade.com<\/title>\n<meta name=\"description\" content=\"Fromage AOP au lait cru de ch\u00e8vre, affin\u00e9 3 semaines et fabriqu\u00e9 dans le Centre. Au nez, des senteurs caprines et florales se font remarquer, et au palais la p\u00e2te fine et onctueuse r\u00e9v\u00e8le des saveurs lactiques et acidul\u00e9es et des ar\u00f4mes de foin coup\u00e9 et de fruits secs.\" \/>\n<meta name=\"robots\" content=\"index, follow, max-snippet:-1, max-image-preview:large, max-video-preview:-1\" \/>\n<link rel=\"canonical\" href=\"https:\/\/fromagesenbalade.com\/index.php\/produit\/valencay\/\" \/>\n<meta property=\"og:locale\" content=\"fr_FR\" \/>\n<meta property=\"og:type\" content=\"article\" \/>\n<meta property=\"og:title\" content=\"Valen\u00e7ay - fromagesenbalade.com\" \/>\n<meta property=\"og:description\" content=\"Fromage AOP au lait cru de ch\u00e8vre, affin\u00e9 3 semaines et fabriqu\u00e9 dans le Centre. Au nez, des senteurs caprines et florales se font remarquer, et au palais la p\u00e2te fine et onctueuse r\u00e9v\u00e8le des saveurs lactiques et acidul\u00e9es et des ar\u00f4mes de foin coup\u00e9 et de fruits secs.\" \/>\n<meta property=\"og:url\" content=\"https:\/\/fromagesenbalade.com\/index.php\/produit\/valencay\/\" \/>\n<meta property=\"og:site_name\" content=\"fromagesenbalade.com\" \/>\n<meta property=\"og:image\" content=\"https:\/\/fromagesenbalade.com\/wp-content\/uploads\/2024\/03\/valencay-1.jpg\" \/>\n\t<meta property=\"og:image:width\" content=\"325\" \/>\n\t<meta property=\"og:image:height\" content=\"238\" \/>\n\t<meta property=\"og:image:type\" content=\"image\/jpeg\" \/>\n<meta name=\"twitter:card\" content=\"summary_large_image\" \/>\n<meta name=\"twitter:label1\" content=\"Dur\u00e9e de lecture estim\u00e9e\" \/>\n\t<meta name=\"twitter:data1\" content=\"1 minute\" \/>\n<script type=\"application\/ld+json\" class=\"yoast-schema-graph\">{\"@context\":\"https:\/\/schema.org\",\"@graph\":[{\"@type\":\"WebPage\",\"@id\":\"https:\/\/fromagesenbalade.com\/index.php\/produit\/valencay\/\",\"url\":\"https:\/\/fromagesenbalade.com\/index.php\/produit\/valencay\/\",\"name\":\"Valen\u00e7ay - fromagesenbalade.com\",\"isPartOf\":{\"@id\":\"https:\/\/fromagesenbalade.com\/#website\"},\"primaryImageOfPage\":{\"@id\":\"https:\/\/fromagesenbalade.com\/index.php\/produit\/valencay\/#primaryimage\"},\"image\":{\"@id\":\"https:\/\/fromagesenbalade.com\/index.php\/produit\/valencay\/#primaryimage\"},\"thumbnailUrl\":\"https:\/\/fromagesenbalade.com\/wp-content\/uploads\/2024\/03\/valencay-1.jpg\",\"datePublished\":\"2024-03-10T07:52:38+00:00\",\"dateModified\":\"2024-03-10T07:52:38+00:00\",\"description\":\"Fromage AOP au lait cru de ch\u00e8vre, affin\u00e9 3 semaines et fabriqu\u00e9 dans le Centre. Au nez, des senteurs caprines et florales se font remarquer, et au palais la p\u00e2te fine et onctueuse r\u00e9v\u00e8le des saveurs lactiques et acidul\u00e9es et des ar\u00f4mes de foin coup\u00e9 et de fruits secs.\",\"breadcrumb\":{\"@id\":\"https:\/\/fromagesenbalade.com\/index.php\/produit\/valencay\/#breadcrumb\"},\"inLanguage\":\"fr-FR\",\"potentialAction\":[{\"@type\":\"ReadAction\",\"target\":[\"https:\/\/fromagesenbalade.com\/index.php\/produit\/valencay\/\"]}]},{\"@type\":\"ImageObject\",\"inLanguage\":\"fr-FR\",\"@id\":\"https:\/\/fromagesenbalade.com\/index.php\/produit\/valencay\/#primaryimage\",\"url\":\"https:\/\/fromagesenbalade.com\/wp-content\/uploads\/2024\/03\/valencay-1.jpg\",\"contentUrl\":\"https:\/\/fromagesenbalade.com\/wp-content\/uploads\/2024\/03\/valencay-1.jpg\",\"width\":325,\"height\":238},{\"@type\":\"BreadcrumbList\",\"@id\":\"https:\/\/fromagesenbalade.com\/index.php\/produit\/valencay\/#breadcrumb\",\"itemListElement\":[{\"@type\":\"ListItem\",\"position\":1,\"name\":\"Accueil\",\"item\":\"https:\/\/fromagesenbalade.com\/\"},{\"@type\":\"ListItem\",\"position\":2,\"name\":\"Mes produits\",\"item\":\"https:\/\/fromagesenbalade.com\/index.php\/produits\/\"},{\"@type\":\"ListItem\",\"position\":3,\"name\":\"Valen\u00e7ay\"}]},{\"@type\":\"WebSite\",\"@id\":\"https:\/\/fromagesenbalade.com\/#website\",\"url\":\"https:\/\/fromagesenbalade.com\/\",\"name\":\"fromagesenbalade.com\",\"description\":\"\",\"publisher\":{\"@id\":\"https:\/\/fromagesenbalade.com\/#organization\"},\"potentialAction\":[{\"@type\":\"SearchAction\",\"target\":{\"@type\":\"EntryPoint\",\"urlTemplate\":\"https:\/\/fromagesenbalade.com\/?s={search_term_string}\"},\"query-input\":\"required name=search_term_string\"}],\"inLanguage\":\"fr-FR\"},{\"@type\":\"Organization\",\"@id\":\"https:\/\/fromagesenbalade.com\/#organization\",\"name\":\"fromagesenbalade.com\",\"url\":\"https:\/\/fromagesenbalade.com\/\",\"logo\":{\"@type\":\"ImageObject\",\"inLanguage\":\"fr-FR\",\"@id\":\"https:\/\/fromagesenbalade.com\/#\/schema\/logo\/image\/\",\"url\":\"https:\/\/fromagesenbalade.com\/wp-content\/uploads\/2024\/01\/01-FEB-Logo-Declinaison01.png\",\"contentUrl\":\"https:\/\/fromagesenbalade.com\/wp-content\/uploads\/2024\/01\/01-FEB-Logo-Declinaison01.png\",\"width\":4588,\"height\":2481,\"caption\":\"fromagesenbalade.com\"},\"image\":{\"@id\":\"https:\/\/fromagesenbalade.com\/#\/schema\/logo\/image\/\"}}]}<\/script>\n<!-- \/ Yoast SEO plugin. -->","yoast_head_json":{"title":"Valen\u00e7ay - fromagesenbalade.com","description":"Fromage AOP au lait cru de ch\u00e8vre, affin\u00e9 3 semaines et fabriqu\u00e9 dans le Centre. Au nez, des senteurs caprines et florales se font remarquer, et au palais la p\u00e2te fine et onctueuse r\u00e9v\u00e8le des saveurs lactiques et acidul\u00e9es et des ar\u00f4mes de foin coup\u00e9 et de fruits secs.","robots":{"index":"index","follow":"follow","max-snippet":"max-snippet:-1","max-image-preview":"max-image-preview:large","max-video-preview":"max-video-preview:-1"},"canonical":"https:\/\/fromagesenbalade.com\/index.php\/produit\/valencay\/","og_locale":"fr_FR","og_type":"article","og_title":"Valen\u00e7ay - fromagesenbalade.com","og_description":"Fromage AOP au lait cru de ch\u00e8vre, affin\u00e9 3 semaines et fabriqu\u00e9 dans le Centre. Au nez, des senteurs caprines et florales se font remarquer, et au palais la p\u00e2te fine et onctueuse r\u00e9v\u00e8le des saveurs lactiques et acidul\u00e9es et des ar\u00f4mes de foin coup\u00e9 et de fruits secs.","og_url":"https:\/\/fromagesenbalade.com\/index.php\/produit\/valencay\/","og_site_name":"fromagesenbalade.com","og_image":[{"width":325,"height":238,"url":"https:\/\/fromagesenbalade.com\/wp-content\/uploads\/2024\/03\/valencay-1.jpg","type":"image\/jpeg"}],"twitter_card":"summary_large_image","twitter_misc":{"Dur\u00e9e de lecture estim\u00e9e":"1 minute"},"schema":{"@context":"https:\/\/schema.org","@graph":[{"@type":"WebPage","@id":"https:\/\/fromagesenbalade.com\/index.php\/produit\/valencay\/","url":"https:\/\/fromagesenbalade.com\/index.php\/produit\/valencay\/","name":"Valen\u00e7ay - fromagesenbalade.com","isPartOf":{"@id":"https:\/\/fromagesenbalade.com\/#website"},"primaryImageOfPage":{"@id":"https:\/\/fromagesenbalade.com\/index.php\/produit\/valencay\/#primaryimage"},"image":{"@id":"https:\/\/fromagesenbalade.com\/index.php\/produit\/valencay\/#primaryimage"},"thumbnailUrl":"https:\/\/fromagesenbalade.com\/wp-content\/uploads\/2024\/03\/valencay-1.jpg","datePublished":"2024-03-10T07:52:38+00:00","dateModified":"2024-03-10T07:52:38+00:00","description":"Fromage AOP au lait cru de ch\u00e8vre, affin\u00e9 3 semaines et fabriqu\u00e9 dans le Centre. Au nez, des senteurs caprines et florales se font remarquer, et au palais la p\u00e2te fine et onctueuse r\u00e9v\u00e8le des saveurs lactiques et acidul\u00e9es et des ar\u00f4mes de foin coup\u00e9 et de fruits secs.","breadcrumb":{"@id":"https:\/\/fromagesenbalade.com\/index.php\/produit\/valencay\/#breadcrumb"},"inLanguage":"fr-FR","potentialAction":[{"@type":"ReadAction","target":["https:\/\/fromagesenbalade.com\/index.php\/produit\/valencay\/"]}]},{"@type":"ImageObject","inLanguage":"fr-FR","@id":"https:\/\/fromagesenbalade.com\/index.php\/produit\/valencay\/#primaryimage","url":"https:\/\/fromagesenbalade.com\/wp-content\/uploads\/2024\/03\/valencay-1.jpg","contentUrl":"https:\/\/fromagesenbalade.com\/wp-content\/uploads\/2024\/03\/valencay-1.jpg","width":325,"height":238},{"@type":"BreadcrumbList","@id":"https:\/\/fromagesenbalade.com\/index.php\/produit\/valencay\/#breadcrumb","itemListElement":[{"@type":"ListItem","position":1,"name":"Accueil","item":"https:\/\/fromagesenbalade.com\/"},{"@type":"ListItem","position":2,"name":"Mes produits","item":"https:\/\/fromagesenbalade.com\/index.php\/produits\/"},{"@type":"ListItem","position":3,"name":"Valen\u00e7ay"}]},{"@type":"WebSite","@id":"https:\/\/fromagesenbalade.com\/#website","url":"https:\/\/fromagesenbalade.com\/","name":"fromagesenbalade.com","description":"","publisher":{"@id":"https:\/\/fromagesenbalade.com\/#organization"},"potentialAction":[{"@type":"SearchAction","target":{"@type":"EntryPoint","urlTemplate":"https:\/\/fromagesenbalade.com\/?s={search_term_string}"},"query-input":"required name=search_term_string"}],"inLanguage":"fr-FR"},{"@type":"Organization","@id":"https:\/\/fromagesenbalade.com\/#organization","name":"fromagesenbalade.com","url":"https:\/\/fromagesenbalade.com\/","logo":{"@type":"ImageObject","inLanguage":"fr-FR","@id":"https:\/\/fromagesenbalade.com\/#\/schema\/logo\/image\/","url":"https:\/\/fromagesenbalade.com\/wp-content\/uploads\/2024\/01\/01-FEB-Logo-Declinaison01.png","contentUrl":"https:\/\/fromagesenbalade.com\/wp-content\/uploads\/2024\/01\/01-FEB-Logo-Declinaison01.png","width":4588,"height":2481,"caption":"fromagesenbalade.com"},"image":{"@id":"https:\/\/fromagesenbalade.com\/#\/schema\/logo\/image\/"}}]}},"_links":{"self":[{"href":"https:\/\/fromagesenbalade.com\/index.php\/wp-json\/wp\/v2\/product\/348"}],"collection":[{"href":"https:\/\/fromagesenbalade.com\/index.php\/wp-json\/wp\/v2\/product"}],"about":[{"href":"https:\/\/fromagesenbalade.com\/index.php\/wp-json\/wp\/v2\/types\/product"}],"replies":[{"embeddable":true,"href":"https:\/\/fromagesenbalade.com\/index.php\/wp-json\/wp\/v2\/comments?post=348"}],"wp:featuredmedia":[{"embeddable":true,"href":"https:\/\/fromagesenbalade.com\/index.php\/wp-json\/wp\/v2\/media\/349"}],"wp:attachment":[{"href":"https:\/\/fromagesenbalade.com\/index.php\/wp-json\/wp\/v2\/media?parent=348"}],"wp:term":[{"taxonomy":"product_cat","embeddable":true,"href":"https:\/\/fromagesenbalade.com\/index.php\/wp-json\/wp\/v2\/product_cat?post=348"},{"taxonomy":"product_tag","embeddable":true,"href":"https:\/\/fromagesenbalade.com\/index.php\/wp-json\/wp\/v2\/product_tag?post=348"}],"curies":[{"name":"wp","href":"https:\/\/api.w.org\/{rel}","templated":true}]}}

Valençay

<p>Fromage AOP au lait cru de chèvre, affiné 3 semaines et fabriqué dans le Centre. Au nez, des senteurs caprines et florales se font remarquer, et au palais la pâte fine et onctueuse révèle des saveurs lactiques et acidulées et des arômes de foin coupé et de fruits secs.</p>

<!-- This site is optimized with the Yoast SEO plugin v22.2 - https://yoast.com/wordpress/plugins/seo/ -->
<title>Valençay - fromagesenbalade.com</title>
<meta name="description" content="Fromage AOP au lait cru de chèvre, affiné 3 semaines et fabriqué dans le Centre. Au nez, des senteurs caprines et florales se font remarquer, et au palais la pâte fine et onctueuse révèle des saveurs lactiques et acidulées et des arômes de foin coupé et de fruits secs." />
<meta name="robots" content="index, follow, max-snippet:-1, max-image-preview:large, max-video-preview:-1" />
<link rel="canonical" href="https://fromagesenbalade.com/index.php/produit/valencay/" />
<meta property="og:locale" content="fr_FR" />
<meta property="og:type" content="article" />
<meta property="og:title" content="Valençay - fromagesenbalade.com" />
<meta property="og:description" content="Fromage AOP au lait cru de chèvre, affiné 3 semaines et fabriqué dans le Centre. Au nez, des senteurs caprines et florales se font remarquer, et au palais la pâte fine et onctueuse révèle des saveurs lactiques et acidulées et des arômes de foin coupé et de fruits secs." />
<meta property="og:url" content="https://fromagesenbalade.com/index.php/produit/valencay/" />
<meta property="og:site_name" content="fromagesenbalade.com" />
<meta property="og:image" content="https://fromagesenbalade.com/wp-content/uploads/2024/03/valencay-1.jpg" />
	<meta property="og:image:width" content="325" />
	<meta property="og:image:height" content="238" />
	<meta property="og:image:type" content="image/jpeg" />
<meta name="twitter:card" content="summary_large_image" />
<meta name="twitter:label1" content="Durée de lecture estimée" />
	<meta name="twitter:data1" content="1 minute" />
<script type="application/ld+json" class="yoast-schema-graph">{"@context":"https://schema.org","@graph":[{"@type":"WebPage","@id":"https://fromagesenbalade.com/index.php/produit/valencay/","url":"https://fromagesenbalade.com/index.php/produit/valencay/","name":"Valençay - fromagesenbalade.com","isPartOf":{"@id":"https://fromagesenbalade.com/#website"},"primaryImageOfPage":{"@id":"https://fromagesenbalade.com/index.php/produit/valencay/#primaryimage"},"image":{"@id":"https://fromagesenbalade.com/index.php/produit/valencay/#primaryimage"},"thumbnailUrl":"https://fromagesenbalade.com/wp-content/uploads/2024/03/valencay-1.jpg","datePublished":"2024-03-10T07:52:38+00:00","dateModified":"2024-03-10T07:52:38+00:00","description":"Fromage AOP au lait cru de chèvre, affiné 3 semaines et fabriqué dans le Centre. Au nez, des senteurs caprines et florales se font remarquer, et au palais la pâte fine et onctueuse révèle des saveurs lactiques et acidulées et des arômes de foin coupé et de fruits secs.","breadcrumb":{"@id":"https://fromagesenbalade.com/index.php/produit/valencay/#breadcrumb"},"inLanguage":"fr-FR","potentialAction":[{"@type":"ReadAction","target":["https://fromagesenbalade.com/index.php/produit/valencay/"]}]},{"@type":"ImageObject","inLanguage":"fr-FR","@id":"https://fromagesenbalade.com/index.php/produit/valencay/#primaryimage","url":"https://fromagesenbalade.com/wp-content/uploads/2024/03/valencay-1.jpg","contentUrl":"https://fromagesenbalade.com/wp-content/uploads/2024/03/valencay-1.jpg","width":325,"height":238},{"@type":"BreadcrumbList","@id":"https://fromagesenbalade.com/index.php/produit/valencay/#breadcrumb","itemListElement":[{"@type":"ListItem","position":1,"name":"Accueil","item":"https://fromagesenbalade.com/"},{"@type":"ListItem","position":2,"name":"Mes produits","item":"https://fromagesenbalade.com/index.php/produits/"},{"@type":"ListItem","position":3,"name":"Valençay"}]},{"@type":"WebSite","@id":"https://fromagesenbalade.com/#website","url":"https://fromagesenbalade.com/","name":"fromagesenbalade.com","description":"","publisher":{"@id":"https://fromagesenbalade.com/#organization"},"potentialAction":[{"@type":"SearchAction","target":{"@type":"EntryPoint","urlTemplate":"https://fromagesenbalade.com/?s={search_term_string}"},"query-input":"required name=search_term_string"}],"inLanguage":"fr-FR"},{"@type":"Organization","@id":"https://fromagesenbalade.com/#organization","name":"fromagesenbalade.com","url":"https://fromagesenbalade.com/","logo":{"@type":"ImageObject","inLanguage":"fr-FR","@id":"https://fromagesenbalade.com/#/schema/logo/image/","url":"https://fromagesenbalade.com/wp-content/uploads/2024/01/01-FEB-Logo-Declinaison01.png","contentUrl":"https://fromagesenbalade.com/wp-content/uploads/2024/01/01-FEB-Logo-Declinaison01.png","width":4588,"height":2481,"caption":"fromagesenbalade.com"},"image":{"@id":"https://fromagesenbalade.com/#/schema/logo/image/"}}]}</script>
<!-- / Yoast SEO plugin. -->

Valençay - fromagesenbalade.com

Fromage AOP au lait cru de chèvre, affiné 3 semaines et fabriqué dans le Centre. Au nez, des senteurs caprines et florales se font remarquer, et au palais la pâte fine et onctueuse révèle des saveurs lactiques et acidulées et des arômes de foin coupé et de fruits secs.
