{"id":325,"date":"2024-03-09T22:42:28","date_gmt":"2024-03-09T21:42:28","guid":{"rendered":"https:\/\/fromagesenbalade.com\/?post_type=product&#038;p=325"},"modified":"2024-03-09T22:42:28","modified_gmt":"2024-03-09T21:42:28","slug":"selles-sur-cher","status":"publish","type":"product","link":"https:\/\/fromagesenbalade.com\/index.php\/produit\/selles-sur-cher\/","title":{"rendered":"Selles sur Cher"},"content":{"rendered":"<p>Fromage AOP au lait cru de ch\u00e8vre, affin\u00e9 10 jours \u00e0 3 semaines et fabriqu\u00e9 dans le Centre. On retrouve au nez des saveurs d&rsquo;\u00e9table et de champignon, et en bouche des ar\u00f4mes de noisette, acidul\u00e9s avec une l\u00e9g\u00e8re touche d&rsquo;amertume.<\/p>\n","protected":false},"excerpt":{"rendered":"<p>Fromage AOP au lait cru de ch\u00e8vre, affin\u00e9 10 jours \u00e0 3 semaines et fabriqu\u00e9 dans le Centre. On retrouve au nez des saveurs d&rsquo;\u00e9table et de champignon, et en bouche des ar\u00f4mes de noisette, acidul\u00e9s avec une l\u00e9g\u00e8re touche d&rsquo;amertume.<\/p>\n","protected":false},"featured_media":326,"comment_status":"open","ping_status":"closed","template":"","meta":{"_et_pb_use_builder":"","_et_pb_old_content":"","_et_gb_content_width":""},"product_cat":[19,28],"product_tag":[81],"yoast_head":"<!-- This site is optimized with the Yoast SEO plugin v22.2 - https:\/\/yoast.com\/wordpress\/plugins\/seo\/ -->\n<title>Selles sur Cher - fromagesenbalade.com<\/title>\n<meta name=\"description\" content=\"Fromage AOP au lait cru de ch\u00e8vre, affin\u00e9 10 jours \u00e0 3 semaines et fabriqu\u00e9 dans le Centre. On retrouve au nez des saveurs d&#039;\u00e9table et de champignon, et en bouche des ar\u00f4mes de noisette, acidul\u00e9s avec une l\u00e9g\u00e8re touche d&#039;amertume.\" \/>\n<meta name=\"robots\" content=\"index, follow, max-snippet:-1, max-image-preview:large, max-video-preview:-1\" \/>\n<link rel=\"canonical\" href=\"https:\/\/fromagesenbalade.com\/index.php\/produit\/selles-sur-cher\/\" \/>\n<meta property=\"og:locale\" content=\"fr_FR\" \/>\n<meta property=\"og:type\" content=\"article\" \/>\n<meta property=\"og:title\" content=\"Selles sur Cher - fromagesenbalade.com\" \/>\n<meta property=\"og:description\" content=\"Fromage AOP au lait cru de ch\u00e8vre, affin\u00e9 10 jours \u00e0 3 semaines et fabriqu\u00e9 dans le Centre. On retrouve au nez des saveurs d&#039;\u00e9table et de champignon, et en bouche des ar\u00f4mes de noisette, acidul\u00e9s avec une l\u00e9g\u00e8re touche d&#039;amertume.\" \/>\n<meta property=\"og:url\" content=\"https:\/\/fromagesenbalade.com\/index.php\/produit\/selles-sur-cher\/\" \/>\n<meta property=\"og:site_name\" content=\"fromagesenbalade.com\" \/>\n<meta property=\"og:image\" content=\"https:\/\/fromagesenbalade.com\/wp-content\/uploads\/2024\/03\/selles-sur-cher.jpg\" \/>\n\t<meta property=\"og:image:width\" content=\"384\" \/>\n\t<meta property=\"og:image:height\" content=\"329\" \/>\n\t<meta property=\"og:image:type\" content=\"image\/jpeg\" \/>\n<meta name=\"twitter:card\" content=\"summary_large_image\" \/>\n<meta name=\"twitter:label1\" content=\"Dur\u00e9e de lecture estim\u00e9e\" \/>\n\t<meta name=\"twitter:data1\" content=\"1 minute\" \/>\n<script type=\"application\/ld+json\" class=\"yoast-schema-graph\">{\"@context\":\"https:\/\/schema.org\",\"@graph\":[{\"@type\":\"WebPage\",\"@id\":\"https:\/\/fromagesenbalade.com\/index.php\/produit\/selles-sur-cher\/\",\"url\":\"https:\/\/fromagesenbalade.com\/index.php\/produit\/selles-sur-cher\/\",\"name\":\"Selles sur Cher - fromagesenbalade.com\",\"isPartOf\":{\"@id\":\"https:\/\/fromagesenbalade.com\/#website\"},\"primaryImageOfPage\":{\"@id\":\"https:\/\/fromagesenbalade.com\/index.php\/produit\/selles-sur-cher\/#primaryimage\"},\"image\":{\"@id\":\"https:\/\/fromagesenbalade.com\/index.php\/produit\/selles-sur-cher\/#primaryimage\"},\"thumbnailUrl\":\"https:\/\/fromagesenbalade.com\/wp-content\/uploads\/2024\/03\/selles-sur-cher.jpg\",\"datePublished\":\"2024-03-09T21:42:28+00:00\",\"dateModified\":\"2024-03-09T21:42:28+00:00\",\"description\":\"Fromage AOP au lait cru de ch\u00e8vre, affin\u00e9 10 jours \u00e0 3 semaines et fabriqu\u00e9 dans le Centre. On retrouve au nez des saveurs d'\u00e9table et de champignon, et en bouche des ar\u00f4mes de noisette, acidul\u00e9s avec une l\u00e9g\u00e8re touche d'amertume.\",\"breadcrumb\":{\"@id\":\"https:\/\/fromagesenbalade.com\/index.php\/produit\/selles-sur-cher\/#breadcrumb\"},\"inLanguage\":\"fr-FR\",\"potentialAction\":[{\"@type\":\"ReadAction\",\"target\":[\"https:\/\/fromagesenbalade.com\/index.php\/produit\/selles-sur-cher\/\"]}]},{\"@type\":\"ImageObject\",\"inLanguage\":\"fr-FR\",\"@id\":\"https:\/\/fromagesenbalade.com\/index.php\/produit\/selles-sur-cher\/#primaryimage\",\"url\":\"https:\/\/fromagesenbalade.com\/wp-content\/uploads\/2024\/03\/selles-sur-cher.jpg\",\"contentUrl\":\"https:\/\/fromagesenbalade.com\/wp-content\/uploads\/2024\/03\/selles-sur-cher.jpg\",\"width\":384,\"height\":329},{\"@type\":\"BreadcrumbList\",\"@id\":\"https:\/\/fromagesenbalade.com\/index.php\/produit\/selles-sur-cher\/#breadcrumb\",\"itemListElement\":[{\"@type\":\"ListItem\",\"position\":1,\"name\":\"Accueil\",\"item\":\"https:\/\/fromagesenbalade.com\/\"},{\"@type\":\"ListItem\",\"position\":2,\"name\":\"Mes produits\",\"item\":\"https:\/\/fromagesenbalade.com\/index.php\/produits\/\"},{\"@type\":\"ListItem\",\"position\":3,\"name\":\"Selles sur Cher\"}]},{\"@type\":\"WebSite\",\"@id\":\"https:\/\/fromagesenbalade.com\/#website\",\"url\":\"https:\/\/fromagesenbalade.com\/\",\"name\":\"fromagesenbalade.com\",\"description\":\"\",\"publisher\":{\"@id\":\"https:\/\/fromagesenbalade.com\/#organization\"},\"potentialAction\":[{\"@type\":\"SearchAction\",\"target\":{\"@type\":\"EntryPoint\",\"urlTemplate\":\"https:\/\/fromagesenbalade.com\/?s={search_term_string}\"},\"query-input\":\"required name=search_term_string\"}],\"inLanguage\":\"fr-FR\"},{\"@type\":\"Organization\",\"@id\":\"https:\/\/fromagesenbalade.com\/#organization\",\"name\":\"fromagesenbalade.com\",\"url\":\"https:\/\/fromagesenbalade.com\/\",\"logo\":{\"@type\":\"ImageObject\",\"inLanguage\":\"fr-FR\",\"@id\":\"https:\/\/fromagesenbalade.com\/#\/schema\/logo\/image\/\",\"url\":\"https:\/\/fromagesenbalade.com\/wp-content\/uploads\/2024\/01\/01-FEB-Logo-Declinaison01.png\",\"contentUrl\":\"https:\/\/fromagesenbalade.com\/wp-content\/uploads\/2024\/01\/01-FEB-Logo-Declinaison01.png\",\"width\":4588,\"height\":2481,\"caption\":\"fromagesenbalade.com\"},\"image\":{\"@id\":\"https:\/\/fromagesenbalade.com\/#\/schema\/logo\/image\/\"}}]}<\/script>\n<!-- \/ Yoast SEO plugin. -->","yoast_head_json":{"title":"Selles sur Cher - fromagesenbalade.com","description":"Fromage AOP au lait cru de ch\u00e8vre, affin\u00e9 10 jours \u00e0 3 semaines et fabriqu\u00e9 dans le Centre. On retrouve au nez des saveurs d'\u00e9table et de champignon, et en bouche des ar\u00f4mes de noisette, acidul\u00e9s avec une l\u00e9g\u00e8re touche d'amertume.","robots":{"index":"index","follow":"follow","max-snippet":"max-snippet:-1","max-image-preview":"max-image-preview:large","max-video-preview":"max-video-preview:-1"},"canonical":"https:\/\/fromagesenbalade.com\/index.php\/produit\/selles-sur-cher\/","og_locale":"fr_FR","og_type":"article","og_title":"Selles sur Cher - fromagesenbalade.com","og_description":"Fromage AOP au lait cru de ch\u00e8vre, affin\u00e9 10 jours \u00e0 3 semaines et fabriqu\u00e9 dans le Centre. On retrouve au nez des saveurs d'\u00e9table et de champignon, et en bouche des ar\u00f4mes de noisette, acidul\u00e9s avec une l\u00e9g\u00e8re touche d'amertume.","og_url":"https:\/\/fromagesenbalade.com\/index.php\/produit\/selles-sur-cher\/","og_site_name":"fromagesenbalade.com","og_image":[{"width":384,"height":329,"url":"https:\/\/fromagesenbalade.com\/wp-content\/uploads\/2024\/03\/selles-sur-cher.jpg","type":"image\/jpeg"}],"twitter_card":"summary_large_image","twitter_misc":{"Dur\u00e9e de lecture estim\u00e9e":"1 minute"},"schema":{"@context":"https:\/\/schema.org","@graph":[{"@type":"WebPage","@id":"https:\/\/fromagesenbalade.com\/index.php\/produit\/selles-sur-cher\/","url":"https:\/\/fromagesenbalade.com\/index.php\/produit\/selles-sur-cher\/","name":"Selles sur Cher - fromagesenbalade.com","isPartOf":{"@id":"https:\/\/fromagesenbalade.com\/#website"},"primaryImageOfPage":{"@id":"https:\/\/fromagesenbalade.com\/index.php\/produit\/selles-sur-cher\/#primaryimage"},"image":{"@id":"https:\/\/fromagesenbalade.com\/index.php\/produit\/selles-sur-cher\/#primaryimage"},"thumbnailUrl":"https:\/\/fromagesenbalade.com\/wp-content\/uploads\/2024\/03\/selles-sur-cher.jpg","datePublished":"2024-03-09T21:42:28+00:00","dateModified":"2024-03-09T21:42:28+00:00","description":"Fromage AOP au lait cru de ch\u00e8vre, affin\u00e9 10 jours \u00e0 3 semaines et fabriqu\u00e9 dans le Centre. On retrouve au nez des saveurs d'\u00e9table et de champignon, et en bouche des ar\u00f4mes de noisette, acidul\u00e9s avec une l\u00e9g\u00e8re touche d'amertume.","breadcrumb":{"@id":"https:\/\/fromagesenbalade.com\/index.php\/produit\/selles-sur-cher\/#breadcrumb"},"inLanguage":"fr-FR","potentialAction":[{"@type":"ReadAction","target":["https:\/\/fromagesenbalade.com\/index.php\/produit\/selles-sur-cher\/"]}]},{"@type":"ImageObject","inLanguage":"fr-FR","@id":"https:\/\/fromagesenbalade.com\/index.php\/produit\/selles-sur-cher\/#primaryimage","url":"https:\/\/fromagesenbalade.com\/wp-content\/uploads\/2024\/03\/selles-sur-cher.jpg","contentUrl":"https:\/\/fromagesenbalade.com\/wp-content\/uploads\/2024\/03\/selles-sur-cher.jpg","width":384,"height":329},{"@type":"BreadcrumbList","@id":"https:\/\/fromagesenbalade.com\/index.php\/produit\/selles-sur-cher\/#breadcrumb","itemListElement":[{"@type":"ListItem","position":1,"name":"Accueil","item":"https:\/\/fromagesenbalade.com\/"},{"@type":"ListItem","position":2,"name":"Mes produits","item":"https:\/\/fromagesenbalade.com\/index.php\/produits\/"},{"@type":"ListItem","position":3,"name":"Selles sur Cher"}]},{"@type":"WebSite","@id":"https:\/\/fromagesenbalade.com\/#website","url":"https:\/\/fromagesenbalade.com\/","name":"fromagesenbalade.com","description":"","publisher":{"@id":"https:\/\/fromagesenbalade.com\/#organization"},"potentialAction":[{"@type":"SearchAction","target":{"@type":"EntryPoint","urlTemplate":"https:\/\/fromagesenbalade.com\/?s={search_term_string}"},"query-input":"required name=search_term_string"}],"inLanguage":"fr-FR"},{"@type":"Organization","@id":"https:\/\/fromagesenbalade.com\/#organization","name":"fromagesenbalade.com","url":"https:\/\/fromagesenbalade.com\/","logo":{"@type":"ImageObject","inLanguage":"fr-FR","@id":"https:\/\/fromagesenbalade.com\/#\/schema\/logo\/image\/","url":"https:\/\/fromagesenbalade.com\/wp-content\/uploads\/2024\/01\/01-FEB-Logo-Declinaison01.png","contentUrl":"https:\/\/fromagesenbalade.com\/wp-content\/uploads\/2024\/01\/01-FEB-Logo-Declinaison01.png","width":4588,"height":2481,"caption":"fromagesenbalade.com"},"image":{"@id":"https:\/\/fromagesenbalade.com\/#\/schema\/logo\/image\/"}}]}},"_links":{"self":[{"href":"https:\/\/fromagesenbalade.com\/index.php\/wp-json\/wp\/v2\/product\/325"}],"collection":[{"href":"https:\/\/fromagesenbalade.com\/index.php\/wp-json\/wp\/v2\/product"}],"about":[{"href":"https:\/\/fromagesenbalade.com\/index.php\/wp-json\/wp\/v2\/types\/product"}],"replies":[{"embeddable":true,"href":"https:\/\/fromagesenbalade.com\/index.php\/wp-json\/wp\/v2\/comments?post=325"}],"wp:featuredmedia":[{"embeddable":true,"href":"https:\/\/fromagesenbalade.com\/index.php\/wp-json\/wp\/v2\/media\/326"}],"wp:attachment":[{"href":"https:\/\/fromagesenbalade.com\/index.php\/wp-json\/wp\/v2\/media?parent=325"}],"wp:term":[{"taxonomy":"product_cat","embeddable":true,"href":"https:\/\/fromagesenbalade.com\/index.php\/wp-json\/wp\/v2\/product_cat?post=325"},{"taxonomy":"product_tag","embeddable":true,"href":"https:\/\/fromagesenbalade.com\/index.php\/wp-json\/wp\/v2\/product_tag?post=325"}],"curies":[{"name":"wp","href":"https:\/\/api.w.org\/{rel}","templated":true}]}}

<p>Fromage AOP au lait cru de chèvre, affiné 10 jours à 3 semaines et fabriqué dans le Centre. On retrouve au nez des saveurs d&rsquo;étable et de champignon, et en bouche des arômes de noisette, acidulés avec une légère touche d&rsquo;amertume.</p>

<!-- This site is optimized with the Yoast SEO plugin v22.2 - https://yoast.com/wordpress/plugins/seo/ -->
<title>Selles sur Cher - fromagesenbalade.com</title>
<meta name="description" content="Fromage AOP au lait cru de chèvre, affiné 10 jours à 3 semaines et fabriqué dans le Centre. On retrouve au nez des saveurs d&#039;étable et de champignon, et en bouche des arômes de noisette, acidulés avec une légère touche d&#039;amertume." />
<meta name="robots" content="index, follow, max-snippet:-1, max-image-preview:large, max-video-preview:-1" />
<link rel="canonical" href="https://fromagesenbalade.com/index.php/produit/selles-sur-cher/" />
<meta property="og:locale" content="fr_FR" />
<meta property="og:type" content="article" />
<meta property="og:title" content="Selles sur Cher - fromagesenbalade.com" />
<meta property="og:description" content="Fromage AOP au lait cru de chèvre, affiné 10 jours à 3 semaines et fabriqué dans le Centre. On retrouve au nez des saveurs d&#039;étable et de champignon, et en bouche des arômes de noisette, acidulés avec une légère touche d&#039;amertume." />
<meta property="og:url" content="https://fromagesenbalade.com/index.php/produit/selles-sur-cher/" />
<meta property="og:site_name" content="fromagesenbalade.com" />
<meta property="og:image" content="https://fromagesenbalade.com/wp-content/uploads/2024/03/selles-sur-cher.jpg" />
	<meta property="og:image:width" content="384" />
	<meta property="og:image:height" content="329" />
	<meta property="og:image:type" content="image/jpeg" />
<meta name="twitter:card" content="summary_large_image" />
<meta name="twitter:label1" content="Durée de lecture estimée" />
	<meta name="twitter:data1" content="1 minute" />
<script type="application/ld+json" class="yoast-schema-graph">{"@context":"https://schema.org","@graph":[{"@type":"WebPage","@id":"https://fromagesenbalade.com/index.php/produit/selles-sur-cher/","url":"https://fromagesenbalade.com/index.php/produit/selles-sur-cher/","name":"Selles sur Cher - fromagesenbalade.com","isPartOf":{"@id":"https://fromagesenbalade.com/#website"},"primaryImageOfPage":{"@id":"https://fromagesenbalade.com/index.php/produit/selles-sur-cher/#primaryimage"},"image":{"@id":"https://fromagesenbalade.com/index.php/produit/selles-sur-cher/#primaryimage"},"thumbnailUrl":"https://fromagesenbalade.com/wp-content/uploads/2024/03/selles-sur-cher.jpg","datePublished":"2024-03-09T21:42:28+00:00","dateModified":"2024-03-09T21:42:28+00:00","description":"Fromage AOP au lait cru de chèvre, affiné 10 jours à 3 semaines et fabriqué dans le Centre. On retrouve au nez des saveurs d'étable et de champignon, et en bouche des arômes de noisette, acidulés avec une légère touche d'amertume.","breadcrumb":{"@id":"https://fromagesenbalade.com/index.php/produit/selles-sur-cher/#breadcrumb"},"inLanguage":"fr-FR","potentialAction":[{"@type":"ReadAction","target":["https://fromagesenbalade.com/index.php/produit/selles-sur-cher/"]}]},{"@type":"ImageObject","inLanguage":"fr-FR","@id":"https://fromagesenbalade.com/index.php/produit/selles-sur-cher/#primaryimage","url":"https://fromagesenbalade.com/wp-content/uploads/2024/03/selles-sur-cher.jpg","contentUrl":"https://fromagesenbalade.com/wp-content/uploads/2024/03/selles-sur-cher.jpg","width":384,"height":329},{"@type":"BreadcrumbList","@id":"https://fromagesenbalade.com/index.php/produit/selles-sur-cher/#breadcrumb","itemListElement":[{"@type":"ListItem","position":1,"name":"Accueil","item":"https://fromagesenbalade.com/"},{"@type":"ListItem","position":2,"name":"Mes produits","item":"https://fromagesenbalade.com/index.php/produits/"},{"@type":"ListItem","position":3,"name":"Selles sur Cher"}]},{"@type":"WebSite","@id":"https://fromagesenbalade.com/#website","url":"https://fromagesenbalade.com/","name":"fromagesenbalade.com","description":"","publisher":{"@id":"https://fromagesenbalade.com/#organization"},"potentialAction":[{"@type":"SearchAction","target":{"@type":"EntryPoint","urlTemplate":"https://fromagesenbalade.com/?s={search_term_string}"},"query-input":"required name=search_term_string"}],"inLanguage":"fr-FR"},{"@type":"Organization","@id":"https://fromagesenbalade.com/#organization","name":"fromagesenbalade.com","url":"https://fromagesenbalade.com/","logo":{"@type":"ImageObject","inLanguage":"fr-FR","@id":"https://fromagesenbalade.com/#/schema/logo/image/","url":"https://fromagesenbalade.com/wp-content/uploads/2024/01/01-FEB-Logo-Declinaison01.png","contentUrl":"https://fromagesenbalade.com/wp-content/uploads/2024/01/01-FEB-Logo-Declinaison01.png","width":4588,"height":2481,"caption":"fromagesenbalade.com"},"image":{"@id":"https://fromagesenbalade.com/#/schema/logo/image/"}}]}</script>
<!-- / Yoast SEO plugin. -->

Fromage AOP au lait cru de chèvre, affiné 10 jours à 3 semaines et fabriqué dans le Centre. On retrouve au nez des saveurs d'étable et de champignon, et en bouche des arômes de noisette, acidulés avec une légère touche d'amertume.
