{"id":311,"date":"2024-03-09T22:14:03","date_gmt":"2024-03-09T21:14:03","guid":{"rendered":"https:\/\/fromagesenbalade.com\/?post_type=product&#038;p=311"},"modified":"2024-03-09T22:14:03","modified_gmt":"2024-03-09T21:14:03","slug":"rigotte-de-condrieu","status":"publish","type":"product","link":"https:\/\/fromagesenbalade.com\/index.php\/produit\/rigotte-de-condrieu\/","title":{"rendered":"Rigotte de Condrieu"},"content":{"rendered":"<p>Fromage AOP au lait cru de ch\u00e8vre, fabriqu\u00e9 dans la Loire. Au nez, on retrouve des effluves floraux et caprins. Sa texture est ferme et fondante, et r\u00e9v\u00e8le des ar\u00f4mes de noisette d\u00e9licats.<\/p>\n","protected":false},"excerpt":{"rendered":"<p>Fromage AOP au lait cru de ch\u00e8vre, fabriqu\u00e9 dans la Loire. Au nez, on retrouve des effluves floraux et caprins. Sa texture est ferme et fondante, et r\u00e9v\u00e8le des ar\u00f4mes de noisette d\u00e9licats.<\/p>\n","protected":false},"featured_media":312,"comment_status":"open","ping_status":"closed","template":"","meta":{"_et_pb_use_builder":"","_et_pb_old_content":"","_et_gb_content_width":""},"product_cat":[19,28],"product_tag":[74],"yoast_head":"<!-- This site is optimized with the Yoast SEO plugin v22.2 - https:\/\/yoast.com\/wordpress\/plugins\/seo\/ -->\n<title>Rigotte de Condrieu - fromagesenbalade.com<\/title>\n<meta name=\"description\" content=\"Fromage AOP au lait cru de ch\u00e8vre, fabriqu\u00e9 dans la Loire. Au nez, on retrouve des effluves floraux et caprins. Sa texture est ferme et fondante, et r\u00e9v\u00e8le des ar\u00f4mes de noisette d\u00e9licats.\" \/>\n<meta name=\"robots\" content=\"index, follow, max-snippet:-1, max-image-preview:large, max-video-preview:-1\" \/>\n<link rel=\"canonical\" href=\"https:\/\/fromagesenbalade.com\/index.php\/produit\/rigotte-de-condrieu\/\" \/>\n<meta property=\"og:locale\" content=\"fr_FR\" \/>\n<meta property=\"og:type\" content=\"article\" \/>\n<meta property=\"og:title\" content=\"Rigotte de Condrieu - fromagesenbalade.com\" \/>\n<meta property=\"og:description\" content=\"Fromage AOP au lait cru de ch\u00e8vre, fabriqu\u00e9 dans la Loire. Au nez, on retrouve des effluves floraux et caprins. Sa texture est ferme et fondante, et r\u00e9v\u00e8le des ar\u00f4mes de noisette d\u00e9licats.\" \/>\n<meta property=\"og:url\" content=\"https:\/\/fromagesenbalade.com\/index.php\/produit\/rigotte-de-condrieu\/\" \/>\n<meta property=\"og:site_name\" content=\"fromagesenbalade.com\" \/>\n<meta property=\"og:image\" content=\"https:\/\/fromagesenbalade.com\/wp-content\/uploads\/2024\/03\/rigotte-condrieu.jpg\" \/>\n\t<meta property=\"og:image:width\" content=\"409\" \/>\n\t<meta property=\"og:image:height\" content=\"344\" \/>\n\t<meta property=\"og:image:type\" content=\"image\/jpeg\" \/>\n<meta name=\"twitter:card\" content=\"summary_large_image\" \/>\n<meta name=\"twitter:label1\" content=\"Dur\u00e9e de lecture estim\u00e9e\" \/>\n\t<meta name=\"twitter:data1\" content=\"1 minute\" \/>\n<script type=\"application\/ld+json\" class=\"yoast-schema-graph\">{\"@context\":\"https:\/\/schema.org\",\"@graph\":[{\"@type\":\"WebPage\",\"@id\":\"https:\/\/fromagesenbalade.com\/index.php\/produit\/rigotte-de-condrieu\/\",\"url\":\"https:\/\/fromagesenbalade.com\/index.php\/produit\/rigotte-de-condrieu\/\",\"name\":\"Rigotte de Condrieu - fromagesenbalade.com\",\"isPartOf\":{\"@id\":\"https:\/\/fromagesenbalade.com\/#website\"},\"primaryImageOfPage\":{\"@id\":\"https:\/\/fromagesenbalade.com\/index.php\/produit\/rigotte-de-condrieu\/#primaryimage\"},\"image\":{\"@id\":\"https:\/\/fromagesenbalade.com\/index.php\/produit\/rigotte-de-condrieu\/#primaryimage\"},\"thumbnailUrl\":\"https:\/\/fromagesenbalade.com\/wp-content\/uploads\/2024\/03\/rigotte-condrieu.jpg\",\"datePublished\":\"2024-03-09T21:14:03+00:00\",\"dateModified\":\"2024-03-09T21:14:03+00:00\",\"description\":\"Fromage AOP au lait cru de ch\u00e8vre, fabriqu\u00e9 dans la Loire. Au nez, on retrouve des effluves floraux et caprins. Sa texture est ferme et fondante, et r\u00e9v\u00e8le des ar\u00f4mes de noisette d\u00e9licats.\",\"breadcrumb\":{\"@id\":\"https:\/\/fromagesenbalade.com\/index.php\/produit\/rigotte-de-condrieu\/#breadcrumb\"},\"inLanguage\":\"fr-FR\",\"potentialAction\":[{\"@type\":\"ReadAction\",\"target\":[\"https:\/\/fromagesenbalade.com\/index.php\/produit\/rigotte-de-condrieu\/\"]}]},{\"@type\":\"ImageObject\",\"inLanguage\":\"fr-FR\",\"@id\":\"https:\/\/fromagesenbalade.com\/index.php\/produit\/rigotte-de-condrieu\/#primaryimage\",\"url\":\"https:\/\/fromagesenbalade.com\/wp-content\/uploads\/2024\/03\/rigotte-condrieu.jpg\",\"contentUrl\":\"https:\/\/fromagesenbalade.com\/wp-content\/uploads\/2024\/03\/rigotte-condrieu.jpg\",\"width\":409,\"height\":344},{\"@type\":\"BreadcrumbList\",\"@id\":\"https:\/\/fromagesenbalade.com\/index.php\/produit\/rigotte-de-condrieu\/#breadcrumb\",\"itemListElement\":[{\"@type\":\"ListItem\",\"position\":1,\"name\":\"Accueil\",\"item\":\"https:\/\/fromagesenbalade.com\/\"},{\"@type\":\"ListItem\",\"position\":2,\"name\":\"Mes produits\",\"item\":\"https:\/\/fromagesenbalade.com\/index.php\/produits\/\"},{\"@type\":\"ListItem\",\"position\":3,\"name\":\"Rigotte de Condrieu\"}]},{\"@type\":\"WebSite\",\"@id\":\"https:\/\/fromagesenbalade.com\/#website\",\"url\":\"https:\/\/fromagesenbalade.com\/\",\"name\":\"fromagesenbalade.com\",\"description\":\"\",\"publisher\":{\"@id\":\"https:\/\/fromagesenbalade.com\/#organization\"},\"potentialAction\":[{\"@type\":\"SearchAction\",\"target\":{\"@type\":\"EntryPoint\",\"urlTemplate\":\"https:\/\/fromagesenbalade.com\/?s={search_term_string}\"},\"query-input\":\"required name=search_term_string\"}],\"inLanguage\":\"fr-FR\"},{\"@type\":\"Organization\",\"@id\":\"https:\/\/fromagesenbalade.com\/#organization\",\"name\":\"fromagesenbalade.com\",\"url\":\"https:\/\/fromagesenbalade.com\/\",\"logo\":{\"@type\":\"ImageObject\",\"inLanguage\":\"fr-FR\",\"@id\":\"https:\/\/fromagesenbalade.com\/#\/schema\/logo\/image\/\",\"url\":\"https:\/\/fromagesenbalade.com\/wp-content\/uploads\/2024\/01\/01-FEB-Logo-Declinaison01.png\",\"contentUrl\":\"https:\/\/fromagesenbalade.com\/wp-content\/uploads\/2024\/01\/01-FEB-Logo-Declinaison01.png\",\"width\":4588,\"height\":2481,\"caption\":\"fromagesenbalade.com\"},\"image\":{\"@id\":\"https:\/\/fromagesenbalade.com\/#\/schema\/logo\/image\/\"}}]}<\/script>\n<!-- \/ Yoast SEO plugin. -->","yoast_head_json":{"title":"Rigotte de Condrieu - fromagesenbalade.com","description":"Fromage AOP au lait cru de ch\u00e8vre, fabriqu\u00e9 dans la Loire. Au nez, on retrouve des effluves floraux et caprins. Sa texture est ferme et fondante, et r\u00e9v\u00e8le des ar\u00f4mes de noisette d\u00e9licats.","robots":{"index":"index","follow":"follow","max-snippet":"max-snippet:-1","max-image-preview":"max-image-preview:large","max-video-preview":"max-video-preview:-1"},"canonical":"https:\/\/fromagesenbalade.com\/index.php\/produit\/rigotte-de-condrieu\/","og_locale":"fr_FR","og_type":"article","og_title":"Rigotte de Condrieu - fromagesenbalade.com","og_description":"Fromage AOP au lait cru de ch\u00e8vre, fabriqu\u00e9 dans la Loire. Au nez, on retrouve des effluves floraux et caprins. Sa texture est ferme et fondante, et r\u00e9v\u00e8le des ar\u00f4mes de noisette d\u00e9licats.","og_url":"https:\/\/fromagesenbalade.com\/index.php\/produit\/rigotte-de-condrieu\/","og_site_name":"fromagesenbalade.com","og_image":[{"width":409,"height":344,"url":"https:\/\/fromagesenbalade.com\/wp-content\/uploads\/2024\/03\/rigotte-condrieu.jpg","type":"image\/jpeg"}],"twitter_card":"summary_large_image","twitter_misc":{"Dur\u00e9e de lecture estim\u00e9e":"1 minute"},"schema":{"@context":"https:\/\/schema.org","@graph":[{"@type":"WebPage","@id":"https:\/\/fromagesenbalade.com\/index.php\/produit\/rigotte-de-condrieu\/","url":"https:\/\/fromagesenbalade.com\/index.php\/produit\/rigotte-de-condrieu\/","name":"Rigotte de Condrieu - fromagesenbalade.com","isPartOf":{"@id":"https:\/\/fromagesenbalade.com\/#website"},"primaryImageOfPage":{"@id":"https:\/\/fromagesenbalade.com\/index.php\/produit\/rigotte-de-condrieu\/#primaryimage"},"image":{"@id":"https:\/\/fromagesenbalade.com\/index.php\/produit\/rigotte-de-condrieu\/#primaryimage"},"thumbnailUrl":"https:\/\/fromagesenbalade.com\/wp-content\/uploads\/2024\/03\/rigotte-condrieu.jpg","datePublished":"2024-03-09T21:14:03+00:00","dateModified":"2024-03-09T21:14:03+00:00","description":"Fromage AOP au lait cru de ch\u00e8vre, fabriqu\u00e9 dans la Loire. Au nez, on retrouve des effluves floraux et caprins. Sa texture est ferme et fondante, et r\u00e9v\u00e8le des ar\u00f4mes de noisette d\u00e9licats.","breadcrumb":{"@id":"https:\/\/fromagesenbalade.com\/index.php\/produit\/rigotte-de-condrieu\/#breadcrumb"},"inLanguage":"fr-FR","potentialAction":[{"@type":"ReadAction","target":["https:\/\/fromagesenbalade.com\/index.php\/produit\/rigotte-de-condrieu\/"]}]},{"@type":"ImageObject","inLanguage":"fr-FR","@id":"https:\/\/fromagesenbalade.com\/index.php\/produit\/rigotte-de-condrieu\/#primaryimage","url":"https:\/\/fromagesenbalade.com\/wp-content\/uploads\/2024\/03\/rigotte-condrieu.jpg","contentUrl":"https:\/\/fromagesenbalade.com\/wp-content\/uploads\/2024\/03\/rigotte-condrieu.jpg","width":409,"height":344},{"@type":"BreadcrumbList","@id":"https:\/\/fromagesenbalade.com\/index.php\/produit\/rigotte-de-condrieu\/#breadcrumb","itemListElement":[{"@type":"ListItem","position":1,"name":"Accueil","item":"https:\/\/fromagesenbalade.com\/"},{"@type":"ListItem","position":2,"name":"Mes produits","item":"https:\/\/fromagesenbalade.com\/index.php\/produits\/"},{"@type":"ListItem","position":3,"name":"Rigotte de Condrieu"}]},{"@type":"WebSite","@id":"https:\/\/fromagesenbalade.com\/#website","url":"https:\/\/fromagesenbalade.com\/","name":"fromagesenbalade.com","description":"","publisher":{"@id":"https:\/\/fromagesenbalade.com\/#organization"},"potentialAction":[{"@type":"SearchAction","target":{"@type":"EntryPoint","urlTemplate":"https:\/\/fromagesenbalade.com\/?s={search_term_string}"},"query-input":"required name=search_term_string"}],"inLanguage":"fr-FR"},{"@type":"Organization","@id":"https:\/\/fromagesenbalade.com\/#organization","name":"fromagesenbalade.com","url":"https:\/\/fromagesenbalade.com\/","logo":{"@type":"ImageObject","inLanguage":"fr-FR","@id":"https:\/\/fromagesenbalade.com\/#\/schema\/logo\/image\/","url":"https:\/\/fromagesenbalade.com\/wp-content\/uploads\/2024\/01\/01-FEB-Logo-Declinaison01.png","contentUrl":"https:\/\/fromagesenbalade.com\/wp-content\/uploads\/2024\/01\/01-FEB-Logo-Declinaison01.png","width":4588,"height":2481,"caption":"fromagesenbalade.com"},"image":{"@id":"https:\/\/fromagesenbalade.com\/#\/schema\/logo\/image\/"}}]}},"_links":{"self":[{"href":"https:\/\/fromagesenbalade.com\/index.php\/wp-json\/wp\/v2\/product\/311"}],"collection":[{"href":"https:\/\/fromagesenbalade.com\/index.php\/wp-json\/wp\/v2\/product"}],"about":[{"href":"https:\/\/fromagesenbalade.com\/index.php\/wp-json\/wp\/v2\/types\/product"}],"replies":[{"embeddable":true,"href":"https:\/\/fromagesenbalade.com\/index.php\/wp-json\/wp\/v2\/comments?post=311"}],"wp:featuredmedia":[{"embeddable":true,"href":"https:\/\/fromagesenbalade.com\/index.php\/wp-json\/wp\/v2\/media\/312"}],"wp:attachment":[{"href":"https:\/\/fromagesenbalade.com\/index.php\/wp-json\/wp\/v2\/media?parent=311"}],"wp:term":[{"taxonomy":"product_cat","embeddable":true,"href":"https:\/\/fromagesenbalade.com\/index.php\/wp-json\/wp\/v2\/product_cat?post=311"},{"taxonomy":"product_tag","embeddable":true,"href":"https:\/\/fromagesenbalade.com\/index.php\/wp-json\/wp\/v2\/product_tag?post=311"}],"curies":[{"name":"wp","href":"https:\/\/api.w.org\/{rel}","templated":true}]}}

<p>Fromage AOP au lait cru de chèvre, fabriqué dans la Loire. Au nez, on retrouve des effluves floraux et caprins. Sa texture est ferme et fondante, et révèle des arômes de noisette délicats.</p>

<!-- This site is optimized with the Yoast SEO plugin v22.2 - https://yoast.com/wordpress/plugins/seo/ -->
<title>Rigotte de Condrieu - fromagesenbalade.com</title>
<meta name="description" content="Fromage AOP au lait cru de chèvre, fabriqué dans la Loire. Au nez, on retrouve des effluves floraux et caprins. Sa texture est ferme et fondante, et révèle des arômes de noisette délicats." />
<meta name="robots" content="index, follow, max-snippet:-1, max-image-preview:large, max-video-preview:-1" />
<link rel="canonical" href="https://fromagesenbalade.com/index.php/produit/rigotte-de-condrieu/" />
<meta property="og:locale" content="fr_FR" />
<meta property="og:type" content="article" />
<meta property="og:title" content="Rigotte de Condrieu - fromagesenbalade.com" />
<meta property="og:description" content="Fromage AOP au lait cru de chèvre, fabriqué dans la Loire. Au nez, on retrouve des effluves floraux et caprins. Sa texture est ferme et fondante, et révèle des arômes de noisette délicats." />
<meta property="og:url" content="https://fromagesenbalade.com/index.php/produit/rigotte-de-condrieu/" />
<meta property="og:site_name" content="fromagesenbalade.com" />
<meta property="og:image" content="https://fromagesenbalade.com/wp-content/uploads/2024/03/rigotte-condrieu.jpg" />
	<meta property="og:image:width" content="409" />
	<meta property="og:image:height" content="344" />
	<meta property="og:image:type" content="image/jpeg" />
<meta name="twitter:card" content="summary_large_image" />
<meta name="twitter:label1" content="Durée de lecture estimée" />
	<meta name="twitter:data1" content="1 minute" />
<script type="application/ld+json" class="yoast-schema-graph">{"@context":"https://schema.org","@graph":[{"@type":"WebPage","@id":"https://fromagesenbalade.com/index.php/produit/rigotte-de-condrieu/","url":"https://fromagesenbalade.com/index.php/produit/rigotte-de-condrieu/","name":"Rigotte de Condrieu - fromagesenbalade.com","isPartOf":{"@id":"https://fromagesenbalade.com/#website"},"primaryImageOfPage":{"@id":"https://fromagesenbalade.com/index.php/produit/rigotte-de-condrieu/#primaryimage"},"image":{"@id":"https://fromagesenbalade.com/index.php/produit/rigotte-de-condrieu/#primaryimage"},"thumbnailUrl":"https://fromagesenbalade.com/wp-content/uploads/2024/03/rigotte-condrieu.jpg","datePublished":"2024-03-09T21:14:03+00:00","dateModified":"2024-03-09T21:14:03+00:00","description":"Fromage AOP au lait cru de chèvre, fabriqué dans la Loire. Au nez, on retrouve des effluves floraux et caprins. Sa texture est ferme et fondante, et révèle des arômes de noisette délicats.","breadcrumb":{"@id":"https://fromagesenbalade.com/index.php/produit/rigotte-de-condrieu/#breadcrumb"},"inLanguage":"fr-FR","potentialAction":[{"@type":"ReadAction","target":["https://fromagesenbalade.com/index.php/produit/rigotte-de-condrieu/"]}]},{"@type":"ImageObject","inLanguage":"fr-FR","@id":"https://fromagesenbalade.com/index.php/produit/rigotte-de-condrieu/#primaryimage","url":"https://fromagesenbalade.com/wp-content/uploads/2024/03/rigotte-condrieu.jpg","contentUrl":"https://fromagesenbalade.com/wp-content/uploads/2024/03/rigotte-condrieu.jpg","width":409,"height":344},{"@type":"BreadcrumbList","@id":"https://fromagesenbalade.com/index.php/produit/rigotte-de-condrieu/#breadcrumb","itemListElement":[{"@type":"ListItem","position":1,"name":"Accueil","item":"https://fromagesenbalade.com/"},{"@type":"ListItem","position":2,"name":"Mes produits","item":"https://fromagesenbalade.com/index.php/produits/"},{"@type":"ListItem","position":3,"name":"Rigotte de Condrieu"}]},{"@type":"WebSite","@id":"https://fromagesenbalade.com/#website","url":"https://fromagesenbalade.com/","name":"fromagesenbalade.com","description":"","publisher":{"@id":"https://fromagesenbalade.com/#organization"},"potentialAction":[{"@type":"SearchAction","target":{"@type":"EntryPoint","urlTemplate":"https://fromagesenbalade.com/?s={search_term_string}"},"query-input":"required name=search_term_string"}],"inLanguage":"fr-FR"},{"@type":"Organization","@id":"https://fromagesenbalade.com/#organization","name":"fromagesenbalade.com","url":"https://fromagesenbalade.com/","logo":{"@type":"ImageObject","inLanguage":"fr-FR","@id":"https://fromagesenbalade.com/#/schema/logo/image/","url":"https://fromagesenbalade.com/wp-content/uploads/2024/01/01-FEB-Logo-Declinaison01.png","contentUrl":"https://fromagesenbalade.com/wp-content/uploads/2024/01/01-FEB-Logo-Declinaison01.png","width":4588,"height":2481,"caption":"fromagesenbalade.com"},"image":{"@id":"https://fromagesenbalade.com/#/schema/logo/image/"}}]}</script>
<!-- / Yoast SEO plugin. -->

Fromage AOP au lait cru de chèvre, fabriqué dans la Loire. Au nez, on retrouve des effluves floraux et caprins. Sa texture est ferme et fondante, et révèle des arômes de noisette délicats.
