{"id":293,"date":"2024-03-09T21:27:58","date_gmt":"2024-03-09T20:27:58","guid":{"rendered":"https:\/\/fromagesenbalade.com\/?post_type=product&#038;p=293"},"modified":"2024-03-09T21:27:58","modified_gmt":"2024-03-09T20:27:58","slug":"perail","status":"publish","type":"product","link":"https:\/\/fromagesenbalade.com\/index.php\/produit\/perail\/","title":{"rendered":"P\u00e9rail des Cabasses"},"content":{"rendered":"<p>Fromage au lait cru de brebis, affin\u00e9 entre 12 et 20 jours et fabriqu\u00e9 dans l&rsquo;Aveyron. La texture est cr\u00e9meuse \u00e0 coulante, et la p\u00e2te pr\u00e9sente des saveurs de paille, de foin et d&rsquo;herbes fraiches.<\/p>\n","protected":false},"excerpt":{"rendered":"<p>Fromage au lait cru de brebis, affin\u00e9 entre 12 et 20 jours et fabriqu\u00e9 dans l&rsquo;Aveyron. La texture est cr\u00e9meuse \u00e0 coulante, et la p\u00e2te pr\u00e9sente des saveurs de paille, de foin et d&rsquo;herbes fraiches.<\/p>\n","protected":false},"featured_media":242,"comment_status":"open","ping_status":"closed","template":"","meta":{"_et_pb_use_builder":"","_et_pb_old_content":"","_et_gb_content_width":""},"product_cat":[19,29],"product_tag":[67],"yoast_head":"<!-- This site is optimized with the Yoast SEO plugin v22.2 - https:\/\/yoast.com\/wordpress\/plugins\/seo\/ -->\n<title>P\u00e9rail des Cabasses - fromagesenbalade.com<\/title>\n<meta name=\"description\" content=\"Fromage au lait cru de brebis, affin\u00e9 entre 12 et 20 jours et fabriqu\u00e9 dans l&#039;Aveyron. La texture est cr\u00e9meuse \u00e0 coulante, et la p\u00e2te pr\u00e9sente des saveurs de paille, de foin et d&#039;herbes fraiches.\" \/>\n<meta name=\"robots\" content=\"index, follow, max-snippet:-1, max-image-preview:large, max-video-preview:-1\" \/>\n<link rel=\"canonical\" href=\"https:\/\/fromagesenbalade.com\/index.php\/produit\/perail\/\" \/>\n<meta property=\"og:locale\" content=\"fr_FR\" \/>\n<meta property=\"og:type\" content=\"article\" \/>\n<meta property=\"og:title\" content=\"P\u00e9rail des Cabasses - fromagesenbalade.com\" \/>\n<meta property=\"og:description\" content=\"Fromage au lait cru de brebis, affin\u00e9 entre 12 et 20 jours et fabriqu\u00e9 dans l&#039;Aveyron. La texture est cr\u00e9meuse \u00e0 coulante, et la p\u00e2te pr\u00e9sente des saveurs de paille, de foin et d&#039;herbes fraiches.\" \/>\n<meta property=\"og:url\" content=\"https:\/\/fromagesenbalade.com\/index.php\/produit\/perail\/\" \/>\n<meta property=\"og:site_name\" content=\"fromagesenbalade.com\" \/>\n<meta property=\"og:image\" content=\"https:\/\/fromagesenbalade.com\/wp-content\/uploads\/2024\/03\/perail-brebis.jpg\" \/>\n\t<meta property=\"og:image:width\" content=\"404\" \/>\n\t<meta property=\"og:image:height\" content=\"364\" \/>\n\t<meta property=\"og:image:type\" content=\"image\/jpeg\" \/>\n<meta name=\"twitter:card\" content=\"summary_large_image\" \/>\n<meta name=\"twitter:label1\" content=\"Dur\u00e9e de lecture estim\u00e9e\" \/>\n\t<meta name=\"twitter:data1\" content=\"1 minute\" \/>\n<script type=\"application\/ld+json\" class=\"yoast-schema-graph\">{\"@context\":\"https:\/\/schema.org\",\"@graph\":[{\"@type\":\"WebPage\",\"@id\":\"https:\/\/fromagesenbalade.com\/index.php\/produit\/perail\/\",\"url\":\"https:\/\/fromagesenbalade.com\/index.php\/produit\/perail\/\",\"name\":\"P\u00e9rail des Cabasses - fromagesenbalade.com\",\"isPartOf\":{\"@id\":\"https:\/\/fromagesenbalade.com\/#website\"},\"primaryImageOfPage\":{\"@id\":\"https:\/\/fromagesenbalade.com\/index.php\/produit\/perail\/#primaryimage\"},\"image\":{\"@id\":\"https:\/\/fromagesenbalade.com\/index.php\/produit\/perail\/#primaryimage\"},\"thumbnailUrl\":\"https:\/\/fromagesenbalade.com\/wp-content\/uploads\/2024\/03\/perail-brebis.jpg\",\"datePublished\":\"2024-03-09T20:27:58+00:00\",\"dateModified\":\"2024-03-09T20:27:58+00:00\",\"description\":\"Fromage au lait cru de brebis, affin\u00e9 entre 12 et 20 jours et fabriqu\u00e9 dans l'Aveyron. La texture est cr\u00e9meuse \u00e0 coulante, et la p\u00e2te pr\u00e9sente des saveurs de paille, de foin et d'herbes fraiches.\",\"breadcrumb\":{\"@id\":\"https:\/\/fromagesenbalade.com\/index.php\/produit\/perail\/#breadcrumb\"},\"inLanguage\":\"fr-FR\",\"potentialAction\":[{\"@type\":\"ReadAction\",\"target\":[\"https:\/\/fromagesenbalade.com\/index.php\/produit\/perail\/\"]}]},{\"@type\":\"ImageObject\",\"inLanguage\":\"fr-FR\",\"@id\":\"https:\/\/fromagesenbalade.com\/index.php\/produit\/perail\/#primaryimage\",\"url\":\"https:\/\/fromagesenbalade.com\/wp-content\/uploads\/2024\/03\/perail-brebis.jpg\",\"contentUrl\":\"https:\/\/fromagesenbalade.com\/wp-content\/uploads\/2024\/03\/perail-brebis.jpg\",\"width\":404,\"height\":364},{\"@type\":\"BreadcrumbList\",\"@id\":\"https:\/\/fromagesenbalade.com\/index.php\/produit\/perail\/#breadcrumb\",\"itemListElement\":[{\"@type\":\"ListItem\",\"position\":1,\"name\":\"Accueil\",\"item\":\"https:\/\/fromagesenbalade.com\/\"},{\"@type\":\"ListItem\",\"position\":2,\"name\":\"Mes produits\",\"item\":\"https:\/\/fromagesenbalade.com\/index.php\/produits\/\"},{\"@type\":\"ListItem\",\"position\":3,\"name\":\"P\u00e9rail des Cabasses\"}]},{\"@type\":\"WebSite\",\"@id\":\"https:\/\/fromagesenbalade.com\/#website\",\"url\":\"https:\/\/fromagesenbalade.com\/\",\"name\":\"fromagesenbalade.com\",\"description\":\"\",\"publisher\":{\"@id\":\"https:\/\/fromagesenbalade.com\/#organization\"},\"potentialAction\":[{\"@type\":\"SearchAction\",\"target\":{\"@type\":\"EntryPoint\",\"urlTemplate\":\"https:\/\/fromagesenbalade.com\/?s={search_term_string}\"},\"query-input\":\"required name=search_term_string\"}],\"inLanguage\":\"fr-FR\"},{\"@type\":\"Organization\",\"@id\":\"https:\/\/fromagesenbalade.com\/#organization\",\"name\":\"fromagesenbalade.com\",\"url\":\"https:\/\/fromagesenbalade.com\/\",\"logo\":{\"@type\":\"ImageObject\",\"inLanguage\":\"fr-FR\",\"@id\":\"https:\/\/fromagesenbalade.com\/#\/schema\/logo\/image\/\",\"url\":\"https:\/\/fromagesenbalade.com\/wp-content\/uploads\/2024\/01\/01-FEB-Logo-Declinaison01.png\",\"contentUrl\":\"https:\/\/fromagesenbalade.com\/wp-content\/uploads\/2024\/01\/01-FEB-Logo-Declinaison01.png\",\"width\":4588,\"height\":2481,\"caption\":\"fromagesenbalade.com\"},\"image\":{\"@id\":\"https:\/\/fromagesenbalade.com\/#\/schema\/logo\/image\/\"}}]}<\/script>\n<!-- \/ Yoast SEO plugin. -->","yoast_head_json":{"title":"P\u00e9rail des Cabasses - fromagesenbalade.com","description":"Fromage au lait cru de brebis, affin\u00e9 entre 12 et 20 jours et fabriqu\u00e9 dans l'Aveyron. La texture est cr\u00e9meuse \u00e0 coulante, et la p\u00e2te pr\u00e9sente des saveurs de paille, de foin et d'herbes fraiches.","robots":{"index":"index","follow":"follow","max-snippet":"max-snippet:-1","max-image-preview":"max-image-preview:large","max-video-preview":"max-video-preview:-1"},"canonical":"https:\/\/fromagesenbalade.com\/index.php\/produit\/perail\/","og_locale":"fr_FR","og_type":"article","og_title":"P\u00e9rail des Cabasses - fromagesenbalade.com","og_description":"Fromage au lait cru de brebis, affin\u00e9 entre 12 et 20 jours et fabriqu\u00e9 dans l'Aveyron. La texture est cr\u00e9meuse \u00e0 coulante, et la p\u00e2te pr\u00e9sente des saveurs de paille, de foin et d'herbes fraiches.","og_url":"https:\/\/fromagesenbalade.com\/index.php\/produit\/perail\/","og_site_name":"fromagesenbalade.com","og_image":[{"width":404,"height":364,"url":"https:\/\/fromagesenbalade.com\/wp-content\/uploads\/2024\/03\/perail-brebis.jpg","type":"image\/jpeg"}],"twitter_card":"summary_large_image","twitter_misc":{"Dur\u00e9e de lecture estim\u00e9e":"1 minute"},"schema":{"@context":"https:\/\/schema.org","@graph":[{"@type":"WebPage","@id":"https:\/\/fromagesenbalade.com\/index.php\/produit\/perail\/","url":"https:\/\/fromagesenbalade.com\/index.php\/produit\/perail\/","name":"P\u00e9rail des Cabasses - fromagesenbalade.com","isPartOf":{"@id":"https:\/\/fromagesenbalade.com\/#website"},"primaryImageOfPage":{"@id":"https:\/\/fromagesenbalade.com\/index.php\/produit\/perail\/#primaryimage"},"image":{"@id":"https:\/\/fromagesenbalade.com\/index.php\/produit\/perail\/#primaryimage"},"thumbnailUrl":"https:\/\/fromagesenbalade.com\/wp-content\/uploads\/2024\/03\/perail-brebis.jpg","datePublished":"2024-03-09T20:27:58+00:00","dateModified":"2024-03-09T20:27:58+00:00","description":"Fromage au lait cru de brebis, affin\u00e9 entre 12 et 20 jours et fabriqu\u00e9 dans l'Aveyron. La texture est cr\u00e9meuse \u00e0 coulante, et la p\u00e2te pr\u00e9sente des saveurs de paille, de foin et d'herbes fraiches.","breadcrumb":{"@id":"https:\/\/fromagesenbalade.com\/index.php\/produit\/perail\/#breadcrumb"},"inLanguage":"fr-FR","potentialAction":[{"@type":"ReadAction","target":["https:\/\/fromagesenbalade.com\/index.php\/produit\/perail\/"]}]},{"@type":"ImageObject","inLanguage":"fr-FR","@id":"https:\/\/fromagesenbalade.com\/index.php\/produit\/perail\/#primaryimage","url":"https:\/\/fromagesenbalade.com\/wp-content\/uploads\/2024\/03\/perail-brebis.jpg","contentUrl":"https:\/\/fromagesenbalade.com\/wp-content\/uploads\/2024\/03\/perail-brebis.jpg","width":404,"height":364},{"@type":"BreadcrumbList","@id":"https:\/\/fromagesenbalade.com\/index.php\/produit\/perail\/#breadcrumb","itemListElement":[{"@type":"ListItem","position":1,"name":"Accueil","item":"https:\/\/fromagesenbalade.com\/"},{"@type":"ListItem","position":2,"name":"Mes produits","item":"https:\/\/fromagesenbalade.com\/index.php\/produits\/"},{"@type":"ListItem","position":3,"name":"P\u00e9rail des Cabasses"}]},{"@type":"WebSite","@id":"https:\/\/fromagesenbalade.com\/#website","url":"https:\/\/fromagesenbalade.com\/","name":"fromagesenbalade.com","description":"","publisher":{"@id":"https:\/\/fromagesenbalade.com\/#organization"},"potentialAction":[{"@type":"SearchAction","target":{"@type":"EntryPoint","urlTemplate":"https:\/\/fromagesenbalade.com\/?s={search_term_string}"},"query-input":"required name=search_term_string"}],"inLanguage":"fr-FR"},{"@type":"Organization","@id":"https:\/\/fromagesenbalade.com\/#organization","name":"fromagesenbalade.com","url":"https:\/\/fromagesenbalade.com\/","logo":{"@type":"ImageObject","inLanguage":"fr-FR","@id":"https:\/\/fromagesenbalade.com\/#\/schema\/logo\/image\/","url":"https:\/\/fromagesenbalade.com\/wp-content\/uploads\/2024\/01\/01-FEB-Logo-Declinaison01.png","contentUrl":"https:\/\/fromagesenbalade.com\/wp-content\/uploads\/2024\/01\/01-FEB-Logo-Declinaison01.png","width":4588,"height":2481,"caption":"fromagesenbalade.com"},"image":{"@id":"https:\/\/fromagesenbalade.com\/#\/schema\/logo\/image\/"}}]}},"_links":{"self":[{"href":"https:\/\/fromagesenbalade.com\/index.php\/wp-json\/wp\/v2\/product\/293"}],"collection":[{"href":"https:\/\/fromagesenbalade.com\/index.php\/wp-json\/wp\/v2\/product"}],"about":[{"href":"https:\/\/fromagesenbalade.com\/index.php\/wp-json\/wp\/v2\/types\/product"}],"replies":[{"embeddable":true,"href":"https:\/\/fromagesenbalade.com\/index.php\/wp-json\/wp\/v2\/comments?post=293"}],"wp:featuredmedia":[{"embeddable":true,"href":"https:\/\/fromagesenbalade.com\/index.php\/wp-json\/wp\/v2\/media\/242"}],"wp:attachment":[{"href":"https:\/\/fromagesenbalade.com\/index.php\/wp-json\/wp\/v2\/media?parent=293"}],"wp:term":[{"taxonomy":"product_cat","embeddable":true,"href":"https:\/\/fromagesenbalade.com\/index.php\/wp-json\/wp\/v2\/product_cat?post=293"},{"taxonomy":"product_tag","embeddable":true,"href":"https:\/\/fromagesenbalade.com\/index.php\/wp-json\/wp\/v2\/product_tag?post=293"}],"curies":[{"name":"wp","href":"https:\/\/api.w.org\/{rel}","templated":true}]}}

Pérail des Cabasses

<p>Fromage au lait cru de brebis, affiné entre 12 et 20 jours et fabriqué dans l&rsquo;Aveyron. La texture est crémeuse à coulante, et la pâte présente des saveurs de paille, de foin et d&rsquo;herbes fraiches.</p>

<!-- This site is optimized with the Yoast SEO plugin v22.2 - https://yoast.com/wordpress/plugins/seo/ -->
<title>Pérail des Cabasses - fromagesenbalade.com</title>
<meta name="description" content="Fromage au lait cru de brebis, affiné entre 12 et 20 jours et fabriqué dans l&#039;Aveyron. La texture est crémeuse à coulante, et la pâte présente des saveurs de paille, de foin et d&#039;herbes fraiches." />
<meta name="robots" content="index, follow, max-snippet:-1, max-image-preview:large, max-video-preview:-1" />
<link rel="canonical" href="https://fromagesenbalade.com/index.php/produit/perail/" />
<meta property="og:locale" content="fr_FR" />
<meta property="og:type" content="article" />
<meta property="og:title" content="Pérail des Cabasses - fromagesenbalade.com" />
<meta property="og:description" content="Fromage au lait cru de brebis, affiné entre 12 et 20 jours et fabriqué dans l&#039;Aveyron. La texture est crémeuse à coulante, et la pâte présente des saveurs de paille, de foin et d&#039;herbes fraiches." />
<meta property="og:url" content="https://fromagesenbalade.com/index.php/produit/perail/" />
<meta property="og:site_name" content="fromagesenbalade.com" />
<meta property="og:image" content="https://fromagesenbalade.com/wp-content/uploads/2024/03/perail-brebis.jpg" />
	<meta property="og:image:width" content="404" />
	<meta property="og:image:height" content="364" />
	<meta property="og:image:type" content="image/jpeg" />
<meta name="twitter:card" content="summary_large_image" />
<meta name="twitter:label1" content="Durée de lecture estimée" />
	<meta name="twitter:data1" content="1 minute" />
<script type="application/ld+json" class="yoast-schema-graph">{"@context":"https://schema.org","@graph":[{"@type":"WebPage","@id":"https://fromagesenbalade.com/index.php/produit/perail/","url":"https://fromagesenbalade.com/index.php/produit/perail/","name":"Pérail des Cabasses - fromagesenbalade.com","isPartOf":{"@id":"https://fromagesenbalade.com/#website"},"primaryImageOfPage":{"@id":"https://fromagesenbalade.com/index.php/produit/perail/#primaryimage"},"image":{"@id":"https://fromagesenbalade.com/index.php/produit/perail/#primaryimage"},"thumbnailUrl":"https://fromagesenbalade.com/wp-content/uploads/2024/03/perail-brebis.jpg","datePublished":"2024-03-09T20:27:58+00:00","dateModified":"2024-03-09T20:27:58+00:00","description":"Fromage au lait cru de brebis, affiné entre 12 et 20 jours et fabriqué dans l'Aveyron. La texture est crémeuse à coulante, et la pâte présente des saveurs de paille, de foin et d'herbes fraiches.","breadcrumb":{"@id":"https://fromagesenbalade.com/index.php/produit/perail/#breadcrumb"},"inLanguage":"fr-FR","potentialAction":[{"@type":"ReadAction","target":["https://fromagesenbalade.com/index.php/produit/perail/"]}]},{"@type":"ImageObject","inLanguage":"fr-FR","@id":"https://fromagesenbalade.com/index.php/produit/perail/#primaryimage","url":"https://fromagesenbalade.com/wp-content/uploads/2024/03/perail-brebis.jpg","contentUrl":"https://fromagesenbalade.com/wp-content/uploads/2024/03/perail-brebis.jpg","width":404,"height":364},{"@type":"BreadcrumbList","@id":"https://fromagesenbalade.com/index.php/produit/perail/#breadcrumb","itemListElement":[{"@type":"ListItem","position":1,"name":"Accueil","item":"https://fromagesenbalade.com/"},{"@type":"ListItem","position":2,"name":"Mes produits","item":"https://fromagesenbalade.com/index.php/produits/"},{"@type":"ListItem","position":3,"name":"Pérail des Cabasses"}]},{"@type":"WebSite","@id":"https://fromagesenbalade.com/#website","url":"https://fromagesenbalade.com/","name":"fromagesenbalade.com","description":"","publisher":{"@id":"https://fromagesenbalade.com/#organization"},"potentialAction":[{"@type":"SearchAction","target":{"@type":"EntryPoint","urlTemplate":"https://fromagesenbalade.com/?s={search_term_string}"},"query-input":"required name=search_term_string"}],"inLanguage":"fr-FR"},{"@type":"Organization","@id":"https://fromagesenbalade.com/#organization","name":"fromagesenbalade.com","url":"https://fromagesenbalade.com/","logo":{"@type":"ImageObject","inLanguage":"fr-FR","@id":"https://fromagesenbalade.com/#/schema/logo/image/","url":"https://fromagesenbalade.com/wp-content/uploads/2024/01/01-FEB-Logo-Declinaison01.png","contentUrl":"https://fromagesenbalade.com/wp-content/uploads/2024/01/01-FEB-Logo-Declinaison01.png","width":4588,"height":2481,"caption":"fromagesenbalade.com"},"image":{"@id":"https://fromagesenbalade.com/#/schema/logo/image/"}}]}</script>
<!-- / Yoast SEO plugin. -->

Pérail des Cabasses - fromagesenbalade.com

Fromage au lait cru de brebis, affiné entre 12 et 20 jours et fabriqué dans l'Aveyron. La texture est crémeuse à coulante, et la pâte présente des saveurs de paille, de foin et d'herbes fraiches.
