{"id":291,"date":"2024-03-09T21:19:55","date_gmt":"2024-03-09T20:19:55","guid":{"rendered":"https:\/\/fromagesenbalade.com\/?post_type=product&#038;p=291"},"modified":"2024-03-09T21:19:55","modified_gmt":"2024-03-09T20:19:55","slug":"ossau-iraty","status":"publish","type":"product","link":"https:\/\/fromagesenbalade.com\/index.php\/produit\/ossau-iraty\/","title":{"rendered":"Ossau Iraty 200g"},"content":{"rendered":"<p>Fromage AOP fermier au lait cru de brebis, affin\u00e9 4 mois minimum et fabriqu\u00e9 dans les Pyr\u00e9n\u00e9es Atlantiques. On retrouve au nez des ar\u00f4mes d&rsquo;herbe fraiche et de foin, et en bouche, sa texture fondante lib\u00e8re des saveurs animales, lact\u00e9es et torr\u00e9fi\u00e9es.<\/p>\n","protected":false},"excerpt":{"rendered":"<p>Fromage AOP fermier au lait cru de brebis, affin\u00e9 4 mois minimum et fabriqu\u00e9 dans les Pyr\u00e9n\u00e9es Atlantiques. On retrouve au nez des ar\u00f4mes d&rsquo;herbe fraiche et de foin, et en bouche, sa texture fondante lib\u00e8re des saveurs animales, lact\u00e9es et torr\u00e9fi\u00e9es.<\/p>\n","protected":false},"featured_media":240,"comment_status":"open","ping_status":"closed","template":"","meta":{"_et_pb_use_builder":"","_et_pb_old_content":"","_et_gb_content_width":""},"product_cat":[19,29,26],"product_tag":[65],"yoast_head":"<!-- This site is optimized with the Yoast SEO plugin v22.2 - https:\/\/yoast.com\/wordpress\/plugins\/seo\/ -->\n<title>Ossau Iraty 200g - fromagesenbalade.com<\/title>\n<meta name=\"description\" content=\"Fromage AOP fermier au lait cru de brebis, affin\u00e9 4 mois minimum et fabriqu\u00e9 dans les Pyr\u00e9n\u00e9es Atlantiques. On retrouve au nez des ar\u00f4mes d&#039;herbe fraiche et de foin, et en bouche, sa texture fondante lib\u00e8re des saveurs animales, lact\u00e9es et torr\u00e9fi\u00e9es.\" \/>\n<meta name=\"robots\" content=\"index, follow, max-snippet:-1, max-image-preview:large, max-video-preview:-1\" \/>\n<link rel=\"canonical\" href=\"https:\/\/fromagesenbalade.com\/index.php\/produit\/ossau-iraty\/\" \/>\n<meta property=\"og:locale\" content=\"fr_FR\" \/>\n<meta property=\"og:type\" content=\"article\" \/>\n<meta property=\"og:title\" content=\"Ossau Iraty 200g - fromagesenbalade.com\" \/>\n<meta property=\"og:description\" content=\"Fromage AOP fermier au lait cru de brebis, affin\u00e9 4 mois minimum et fabriqu\u00e9 dans les Pyr\u00e9n\u00e9es Atlantiques. On retrouve au nez des ar\u00f4mes d&#039;herbe fraiche et de foin, et en bouche, sa texture fondante lib\u00e8re des saveurs animales, lact\u00e9es et torr\u00e9fi\u00e9es.\" \/>\n<meta property=\"og:url\" content=\"https:\/\/fromagesenbalade.com\/index.php\/produit\/ossau-iraty\/\" \/>\n<meta property=\"og:site_name\" content=\"fromagesenbalade.com\" \/>\n<meta property=\"og:image\" content=\"https:\/\/fromagesenbalade.com\/wp-content\/uploads\/2024\/03\/ossau-iraty-brebis.jpg\" \/>\n\t<meta property=\"og:image:width\" content=\"612\" \/>\n\t<meta property=\"og:image:height\" content=\"502\" \/>\n\t<meta property=\"og:image:type\" content=\"image\/jpeg\" \/>\n<meta name=\"twitter:card\" content=\"summary_large_image\" \/>\n<meta name=\"twitter:label1\" content=\"Dur\u00e9e de lecture estim\u00e9e\" \/>\n\t<meta name=\"twitter:data1\" content=\"1 minute\" \/>\n<script type=\"application\/ld+json\" class=\"yoast-schema-graph\">{\"@context\":\"https:\/\/schema.org\",\"@graph\":[{\"@type\":\"WebPage\",\"@id\":\"https:\/\/fromagesenbalade.com\/index.php\/produit\/ossau-iraty\/\",\"url\":\"https:\/\/fromagesenbalade.com\/index.php\/produit\/ossau-iraty\/\",\"name\":\"Ossau Iraty 200g - fromagesenbalade.com\",\"isPartOf\":{\"@id\":\"https:\/\/fromagesenbalade.com\/#website\"},\"primaryImageOfPage\":{\"@id\":\"https:\/\/fromagesenbalade.com\/index.php\/produit\/ossau-iraty\/#primaryimage\"},\"image\":{\"@id\":\"https:\/\/fromagesenbalade.com\/index.php\/produit\/ossau-iraty\/#primaryimage\"},\"thumbnailUrl\":\"https:\/\/fromagesenbalade.com\/wp-content\/uploads\/2024\/03\/ossau-iraty-brebis.jpg\",\"datePublished\":\"2024-03-09T20:19:55+00:00\",\"dateModified\":\"2024-03-09T20:19:55+00:00\",\"description\":\"Fromage AOP fermier au lait cru de brebis, affin\u00e9 4 mois minimum et fabriqu\u00e9 dans les Pyr\u00e9n\u00e9es Atlantiques. On retrouve au nez des ar\u00f4mes d'herbe fraiche et de foin, et en bouche, sa texture fondante lib\u00e8re des saveurs animales, lact\u00e9es et torr\u00e9fi\u00e9es.\",\"breadcrumb\":{\"@id\":\"https:\/\/fromagesenbalade.com\/index.php\/produit\/ossau-iraty\/#breadcrumb\"},\"inLanguage\":\"fr-FR\",\"potentialAction\":[{\"@type\":\"ReadAction\",\"target\":[\"https:\/\/fromagesenbalade.com\/index.php\/produit\/ossau-iraty\/\"]}]},{\"@type\":\"ImageObject\",\"inLanguage\":\"fr-FR\",\"@id\":\"https:\/\/fromagesenbalade.com\/index.php\/produit\/ossau-iraty\/#primaryimage\",\"url\":\"https:\/\/fromagesenbalade.com\/wp-content\/uploads\/2024\/03\/ossau-iraty-brebis.jpg\",\"contentUrl\":\"https:\/\/fromagesenbalade.com\/wp-content\/uploads\/2024\/03\/ossau-iraty-brebis.jpg\",\"width\":612,\"height\":502},{\"@type\":\"BreadcrumbList\",\"@id\":\"https:\/\/fromagesenbalade.com\/index.php\/produit\/ossau-iraty\/#breadcrumb\",\"itemListElement\":[{\"@type\":\"ListItem\",\"position\":1,\"name\":\"Accueil\",\"item\":\"https:\/\/fromagesenbalade.com\/\"},{\"@type\":\"ListItem\",\"position\":2,\"name\":\"Mes produits\",\"item\":\"https:\/\/fromagesenbalade.com\/index.php\/produits\/\"},{\"@type\":\"ListItem\",\"position\":3,\"name\":\"Ossau Iraty 200g\"}]},{\"@type\":\"WebSite\",\"@id\":\"https:\/\/fromagesenbalade.com\/#website\",\"url\":\"https:\/\/fromagesenbalade.com\/\",\"name\":\"fromagesenbalade.com\",\"description\":\"\",\"publisher\":{\"@id\":\"https:\/\/fromagesenbalade.com\/#organization\"},\"potentialAction\":[{\"@type\":\"SearchAction\",\"target\":{\"@type\":\"EntryPoint\",\"urlTemplate\":\"https:\/\/fromagesenbalade.com\/?s={search_term_string}\"},\"query-input\":\"required name=search_term_string\"}],\"inLanguage\":\"fr-FR\"},{\"@type\":\"Organization\",\"@id\":\"https:\/\/fromagesenbalade.com\/#organization\",\"name\":\"fromagesenbalade.com\",\"url\":\"https:\/\/fromagesenbalade.com\/\",\"logo\":{\"@type\":\"ImageObject\",\"inLanguage\":\"fr-FR\",\"@id\":\"https:\/\/fromagesenbalade.com\/#\/schema\/logo\/image\/\",\"url\":\"https:\/\/fromagesenbalade.com\/wp-content\/uploads\/2024\/01\/01-FEB-Logo-Declinaison01.png\",\"contentUrl\":\"https:\/\/fromagesenbalade.com\/wp-content\/uploads\/2024\/01\/01-FEB-Logo-Declinaison01.png\",\"width\":4588,\"height\":2481,\"caption\":\"fromagesenbalade.com\"},\"image\":{\"@id\":\"https:\/\/fromagesenbalade.com\/#\/schema\/logo\/image\/\"}}]}<\/script>\n<!-- \/ Yoast SEO plugin. -->","yoast_head_json":{"title":"Ossau Iraty 200g - fromagesenbalade.com","description":"Fromage AOP fermier au lait cru de brebis, affin\u00e9 4 mois minimum et fabriqu\u00e9 dans les Pyr\u00e9n\u00e9es Atlantiques. On retrouve au nez des ar\u00f4mes d'herbe fraiche et de foin, et en bouche, sa texture fondante lib\u00e8re des saveurs animales, lact\u00e9es et torr\u00e9fi\u00e9es.","robots":{"index":"index","follow":"follow","max-snippet":"max-snippet:-1","max-image-preview":"max-image-preview:large","max-video-preview":"max-video-preview:-1"},"canonical":"https:\/\/fromagesenbalade.com\/index.php\/produit\/ossau-iraty\/","og_locale":"fr_FR","og_type":"article","og_title":"Ossau Iraty 200g - fromagesenbalade.com","og_description":"Fromage AOP fermier au lait cru de brebis, affin\u00e9 4 mois minimum et fabriqu\u00e9 dans les Pyr\u00e9n\u00e9es Atlantiques. On retrouve au nez des ar\u00f4mes d'herbe fraiche et de foin, et en bouche, sa texture fondante lib\u00e8re des saveurs animales, lact\u00e9es et torr\u00e9fi\u00e9es.","og_url":"https:\/\/fromagesenbalade.com\/index.php\/produit\/ossau-iraty\/","og_site_name":"fromagesenbalade.com","og_image":[{"width":612,"height":502,"url":"https:\/\/fromagesenbalade.com\/wp-content\/uploads\/2024\/03\/ossau-iraty-brebis.jpg","type":"image\/jpeg"}],"twitter_card":"summary_large_image","twitter_misc":{"Dur\u00e9e de lecture estim\u00e9e":"1 minute"},"schema":{"@context":"https:\/\/schema.org","@graph":[{"@type":"WebPage","@id":"https:\/\/fromagesenbalade.com\/index.php\/produit\/ossau-iraty\/","url":"https:\/\/fromagesenbalade.com\/index.php\/produit\/ossau-iraty\/","name":"Ossau Iraty 200g - fromagesenbalade.com","isPartOf":{"@id":"https:\/\/fromagesenbalade.com\/#website"},"primaryImageOfPage":{"@id":"https:\/\/fromagesenbalade.com\/index.php\/produit\/ossau-iraty\/#primaryimage"},"image":{"@id":"https:\/\/fromagesenbalade.com\/index.php\/produit\/ossau-iraty\/#primaryimage"},"thumbnailUrl":"https:\/\/fromagesenbalade.com\/wp-content\/uploads\/2024\/03\/ossau-iraty-brebis.jpg","datePublished":"2024-03-09T20:19:55+00:00","dateModified":"2024-03-09T20:19:55+00:00","description":"Fromage AOP fermier au lait cru de brebis, affin\u00e9 4 mois minimum et fabriqu\u00e9 dans les Pyr\u00e9n\u00e9es Atlantiques. On retrouve au nez des ar\u00f4mes d'herbe fraiche et de foin, et en bouche, sa texture fondante lib\u00e8re des saveurs animales, lact\u00e9es et torr\u00e9fi\u00e9es.","breadcrumb":{"@id":"https:\/\/fromagesenbalade.com\/index.php\/produit\/ossau-iraty\/#breadcrumb"},"inLanguage":"fr-FR","potentialAction":[{"@type":"ReadAction","target":["https:\/\/fromagesenbalade.com\/index.php\/produit\/ossau-iraty\/"]}]},{"@type":"ImageObject","inLanguage":"fr-FR","@id":"https:\/\/fromagesenbalade.com\/index.php\/produit\/ossau-iraty\/#primaryimage","url":"https:\/\/fromagesenbalade.com\/wp-content\/uploads\/2024\/03\/ossau-iraty-brebis.jpg","contentUrl":"https:\/\/fromagesenbalade.com\/wp-content\/uploads\/2024\/03\/ossau-iraty-brebis.jpg","width":612,"height":502},{"@type":"BreadcrumbList","@id":"https:\/\/fromagesenbalade.com\/index.php\/produit\/ossau-iraty\/#breadcrumb","itemListElement":[{"@type":"ListItem","position":1,"name":"Accueil","item":"https:\/\/fromagesenbalade.com\/"},{"@type":"ListItem","position":2,"name":"Mes produits","item":"https:\/\/fromagesenbalade.com\/index.php\/produits\/"},{"@type":"ListItem","position":3,"name":"Ossau Iraty 200g"}]},{"@type":"WebSite","@id":"https:\/\/fromagesenbalade.com\/#website","url":"https:\/\/fromagesenbalade.com\/","name":"fromagesenbalade.com","description":"","publisher":{"@id":"https:\/\/fromagesenbalade.com\/#organization"},"potentialAction":[{"@type":"SearchAction","target":{"@type":"EntryPoint","urlTemplate":"https:\/\/fromagesenbalade.com\/?s={search_term_string}"},"query-input":"required name=search_term_string"}],"inLanguage":"fr-FR"},{"@type":"Organization","@id":"https:\/\/fromagesenbalade.com\/#organization","name":"fromagesenbalade.com","url":"https:\/\/fromagesenbalade.com\/","logo":{"@type":"ImageObject","inLanguage":"fr-FR","@id":"https:\/\/fromagesenbalade.com\/#\/schema\/logo\/image\/","url":"https:\/\/fromagesenbalade.com\/wp-content\/uploads\/2024\/01\/01-FEB-Logo-Declinaison01.png","contentUrl":"https:\/\/fromagesenbalade.com\/wp-content\/uploads\/2024\/01\/01-FEB-Logo-Declinaison01.png","width":4588,"height":2481,"caption":"fromagesenbalade.com"},"image":{"@id":"https:\/\/fromagesenbalade.com\/#\/schema\/logo\/image\/"}}]}},"_links":{"self":[{"href":"https:\/\/fromagesenbalade.com\/index.php\/wp-json\/wp\/v2\/product\/291"}],"collection":[{"href":"https:\/\/fromagesenbalade.com\/index.php\/wp-json\/wp\/v2\/product"}],"about":[{"href":"https:\/\/fromagesenbalade.com\/index.php\/wp-json\/wp\/v2\/types\/product"}],"replies":[{"embeddable":true,"href":"https:\/\/fromagesenbalade.com\/index.php\/wp-json\/wp\/v2\/comments?post=291"}],"wp:featuredmedia":[{"embeddable":true,"href":"https:\/\/fromagesenbalade.com\/index.php\/wp-json\/wp\/v2\/media\/240"}],"wp:attachment":[{"href":"https:\/\/fromagesenbalade.com\/index.php\/wp-json\/wp\/v2\/media?parent=291"}],"wp:term":[{"taxonomy":"product_cat","embeddable":true,"href":"https:\/\/fromagesenbalade.com\/index.php\/wp-json\/wp\/v2\/product_cat?post=291"},{"taxonomy":"product_tag","embeddable":true,"href":"https:\/\/fromagesenbalade.com\/index.php\/wp-json\/wp\/v2\/product_tag?post=291"}],"curies":[{"name":"wp","href":"https:\/\/api.w.org\/{rel}","templated":true}]}}

<p>Fromage AOP fermier au lait cru de brebis, affiné 4 mois minimum et fabriqué dans les Pyrénées Atlantiques. On retrouve au nez des arômes d&rsquo;herbe fraiche et de foin, et en bouche, sa texture fondante libère des saveurs animales, lactées et torréfiées.</p>

<!-- This site is optimized with the Yoast SEO plugin v22.2 - https://yoast.com/wordpress/plugins/seo/ -->
<title>Ossau Iraty 200g - fromagesenbalade.com</title>
<meta name="description" content="Fromage AOP fermier au lait cru de brebis, affiné 4 mois minimum et fabriqué dans les Pyrénées Atlantiques. On retrouve au nez des arômes d&#039;herbe fraiche et de foin, et en bouche, sa texture fondante libère des saveurs animales, lactées et torréfiées." />
<meta name="robots" content="index, follow, max-snippet:-1, max-image-preview:large, max-video-preview:-1" />
<link rel="canonical" href="https://fromagesenbalade.com/index.php/produit/ossau-iraty/" />
<meta property="og:locale" content="fr_FR" />
<meta property="og:type" content="article" />
<meta property="og:title" content="Ossau Iraty 200g - fromagesenbalade.com" />
<meta property="og:description" content="Fromage AOP fermier au lait cru de brebis, affiné 4 mois minimum et fabriqué dans les Pyrénées Atlantiques. On retrouve au nez des arômes d&#039;herbe fraiche et de foin, et en bouche, sa texture fondante libère des saveurs animales, lactées et torréfiées." />
<meta property="og:url" content="https://fromagesenbalade.com/index.php/produit/ossau-iraty/" />
<meta property="og:site_name" content="fromagesenbalade.com" />
<meta property="og:image" content="https://fromagesenbalade.com/wp-content/uploads/2024/03/ossau-iraty-brebis.jpg" />
	<meta property="og:image:width" content="612" />
	<meta property="og:image:height" content="502" />
	<meta property="og:image:type" content="image/jpeg" />
<meta name="twitter:card" content="summary_large_image" />
<meta name="twitter:label1" content="Durée de lecture estimée" />
	<meta name="twitter:data1" content="1 minute" />
<script type="application/ld+json" class="yoast-schema-graph">{"@context":"https://schema.org","@graph":[{"@type":"WebPage","@id":"https://fromagesenbalade.com/index.php/produit/ossau-iraty/","url":"https://fromagesenbalade.com/index.php/produit/ossau-iraty/","name":"Ossau Iraty 200g - fromagesenbalade.com","isPartOf":{"@id":"https://fromagesenbalade.com/#website"},"primaryImageOfPage":{"@id":"https://fromagesenbalade.com/index.php/produit/ossau-iraty/#primaryimage"},"image":{"@id":"https://fromagesenbalade.com/index.php/produit/ossau-iraty/#primaryimage"},"thumbnailUrl":"https://fromagesenbalade.com/wp-content/uploads/2024/03/ossau-iraty-brebis.jpg","datePublished":"2024-03-09T20:19:55+00:00","dateModified":"2024-03-09T20:19:55+00:00","description":"Fromage AOP fermier au lait cru de brebis, affiné 4 mois minimum et fabriqué dans les Pyrénées Atlantiques. On retrouve au nez des arômes d'herbe fraiche et de foin, et en bouche, sa texture fondante libère des saveurs animales, lactées et torréfiées.","breadcrumb":{"@id":"https://fromagesenbalade.com/index.php/produit/ossau-iraty/#breadcrumb"},"inLanguage":"fr-FR","potentialAction":[{"@type":"ReadAction","target":["https://fromagesenbalade.com/index.php/produit/ossau-iraty/"]}]},{"@type":"ImageObject","inLanguage":"fr-FR","@id":"https://fromagesenbalade.com/index.php/produit/ossau-iraty/#primaryimage","url":"https://fromagesenbalade.com/wp-content/uploads/2024/03/ossau-iraty-brebis.jpg","contentUrl":"https://fromagesenbalade.com/wp-content/uploads/2024/03/ossau-iraty-brebis.jpg","width":612,"height":502},{"@type":"BreadcrumbList","@id":"https://fromagesenbalade.com/index.php/produit/ossau-iraty/#breadcrumb","itemListElement":[{"@type":"ListItem","position":1,"name":"Accueil","item":"https://fromagesenbalade.com/"},{"@type":"ListItem","position":2,"name":"Mes produits","item":"https://fromagesenbalade.com/index.php/produits/"},{"@type":"ListItem","position":3,"name":"Ossau Iraty 200g"}]},{"@type":"WebSite","@id":"https://fromagesenbalade.com/#website","url":"https://fromagesenbalade.com/","name":"fromagesenbalade.com","description":"","publisher":{"@id":"https://fromagesenbalade.com/#organization"},"potentialAction":[{"@type":"SearchAction","target":{"@type":"EntryPoint","urlTemplate":"https://fromagesenbalade.com/?s={search_term_string}"},"query-input":"required name=search_term_string"}],"inLanguage":"fr-FR"},{"@type":"Organization","@id":"https://fromagesenbalade.com/#organization","name":"fromagesenbalade.com","url":"https://fromagesenbalade.com/","logo":{"@type":"ImageObject","inLanguage":"fr-FR","@id":"https://fromagesenbalade.com/#/schema/logo/image/","url":"https://fromagesenbalade.com/wp-content/uploads/2024/01/01-FEB-Logo-Declinaison01.png","contentUrl":"https://fromagesenbalade.com/wp-content/uploads/2024/01/01-FEB-Logo-Declinaison01.png","width":4588,"height":2481,"caption":"fromagesenbalade.com"},"image":{"@id":"https://fromagesenbalade.com/#/schema/logo/image/"}}]}</script>
<!-- / Yoast SEO plugin. -->

Fromage AOP fermier au lait cru de brebis, affiné 4 mois minimum et fabriqué dans les Pyrénées Atlantiques. On retrouve au nez des arômes d'herbe fraiche et de foin, et en bouche, sa texture fondante libère des saveurs animales, lactées et torréfiées.
