{"id":282,"date":"2024-03-09T20:46:57","date_gmt":"2024-03-09T19:46:57","guid":{"rendered":"https:\/\/fromagesenbalade.com\/?post_type=product&#038;p=282"},"modified":"2024-11-04T19:12:38","modified_gmt":"2024-11-04T18:12:38","slug":"maroilles","status":"publish","type":"product","link":"https:\/\/fromagesenbalade.com\/index.php\/produit\/maroilles\/","title":{"rendered":"Maroilles"},"content":{"rendered":"<p>Fromage AOP fermier au lait cru de vache, fabriqu\u00e9 dans le Nord. Tr\u00e8s odorant, le Maroilles s&rsquo;av\u00e8re en r\u00e9alit\u00e9 d\u00e9licat et frais, marqu\u00e9 par des notes de lait au sein d&rsquo;une texture fondante et crayeuse \u00e0 coeur.<\/p>\n","protected":false},"excerpt":{"rendered":"<p>Fromage AOP fermier au lait cru de vache, fabriqu\u00e9 dans le Nord. Tr\u00e8s odorant, le Maroilles s&rsquo;av\u00e8re en r\u00e9alit\u00e9 d\u00e9licat et frais, marqu\u00e9 par des notes de lait au sein d&rsquo;une texture fondante et crayeuse \u00e0 coeur.<\/p>\n","protected":false},"featured_media":233,"comment_status":"open","ping_status":"closed","template":"","meta":{"_et_pb_use_builder":"","_et_pb_old_content":"","_et_gb_content_width":""},"product_cat":[19,31],"product_tag":[58],"yoast_head":"<!-- This site is optimized with the Yoast SEO plugin v22.2 - https:\/\/yoast.com\/wordpress\/plugins\/seo\/ -->\n<title>Maroilles - fromagesenbalade.com<\/title>\n<meta name=\"description\" content=\"Fromage AOP fermier au lait cru de vache, fabriqu\u00e9 dans le Nord. Tr\u00e8s odorant, le Maroilles s&#039;av\u00e8re en r\u00e9alit\u00e9 d\u00e9licat et frais, marqu\u00e9 par des notes de lait au sein d&#039;une texture fondante et crayeuse \u00e0 coeur.\" \/>\n<meta name=\"robots\" content=\"index, follow, max-snippet:-1, max-image-preview:large, max-video-preview:-1\" \/>\n<link rel=\"canonical\" href=\"https:\/\/fromagesenbalade.com\/index.php\/produit\/maroilles\/\" \/>\n<meta property=\"og:locale\" content=\"fr_FR\" \/>\n<meta property=\"og:type\" content=\"article\" \/>\n<meta property=\"og:title\" content=\"Maroilles - fromagesenbalade.com\" \/>\n<meta property=\"og:description\" content=\"Fromage AOP fermier au lait cru de vache, fabriqu\u00e9 dans le Nord. Tr\u00e8s odorant, le Maroilles s&#039;av\u00e8re en r\u00e9alit\u00e9 d\u00e9licat et frais, marqu\u00e9 par des notes de lait au sein d&#039;une texture fondante et crayeuse \u00e0 coeur.\" \/>\n<meta property=\"og:url\" content=\"https:\/\/fromagesenbalade.com\/index.php\/produit\/maroilles\/\" \/>\n<meta property=\"og:site_name\" content=\"fromagesenbalade.com\" \/>\n<meta property=\"article:modified_time\" content=\"2024-11-04T18:12:38+00:00\" \/>\n<meta property=\"og:image\" content=\"https:\/\/fromagesenbalade.com\/wp-content\/uploads\/2024\/03\/maroilles.jpg\" \/>\n\t<meta property=\"og:image:width\" content=\"306\" \/>\n\t<meta property=\"og:image:height\" content=\"243\" \/>\n\t<meta property=\"og:image:type\" content=\"image\/jpeg\" \/>\n<meta name=\"twitter:card\" content=\"summary_large_image\" \/>\n<meta name=\"twitter:label1\" content=\"Dur\u00e9e de lecture estim\u00e9e\" \/>\n\t<meta name=\"twitter:data1\" content=\"1 minute\" \/>\n<script type=\"application\/ld+json\" class=\"yoast-schema-graph\">{\"@context\":\"https:\/\/schema.org\",\"@graph\":[{\"@type\":\"WebPage\",\"@id\":\"https:\/\/fromagesenbalade.com\/index.php\/produit\/maroilles\/\",\"url\":\"https:\/\/fromagesenbalade.com\/index.php\/produit\/maroilles\/\",\"name\":\"Maroilles - fromagesenbalade.com\",\"isPartOf\":{\"@id\":\"https:\/\/fromagesenbalade.com\/#website\"},\"primaryImageOfPage\":{\"@id\":\"https:\/\/fromagesenbalade.com\/index.php\/produit\/maroilles\/#primaryimage\"},\"image\":{\"@id\":\"https:\/\/fromagesenbalade.com\/index.php\/produit\/maroilles\/#primaryimage\"},\"thumbnailUrl\":\"https:\/\/fromagesenbalade.com\/wp-content\/uploads\/2024\/03\/maroilles.jpg\",\"datePublished\":\"2024-03-09T19:46:57+00:00\",\"dateModified\":\"2024-11-04T18:12:38+00:00\",\"description\":\"Fromage AOP fermier au lait cru de vache, fabriqu\u00e9 dans le Nord. Tr\u00e8s odorant, le Maroilles s'av\u00e8re en r\u00e9alit\u00e9 d\u00e9licat et frais, marqu\u00e9 par des notes de lait au sein d'une texture fondante et crayeuse \u00e0 coeur.\",\"breadcrumb\":{\"@id\":\"https:\/\/fromagesenbalade.com\/index.php\/produit\/maroilles\/#breadcrumb\"},\"inLanguage\":\"fr-FR\",\"potentialAction\":[{\"@type\":\"ReadAction\",\"target\":[\"https:\/\/fromagesenbalade.com\/index.php\/produit\/maroilles\/\"]}]},{\"@type\":\"ImageObject\",\"inLanguage\":\"fr-FR\",\"@id\":\"https:\/\/fromagesenbalade.com\/index.php\/produit\/maroilles\/#primaryimage\",\"url\":\"https:\/\/fromagesenbalade.com\/wp-content\/uploads\/2024\/03\/maroilles.jpg\",\"contentUrl\":\"https:\/\/fromagesenbalade.com\/wp-content\/uploads\/2024\/03\/maroilles.jpg\",\"width\":306,\"height\":243},{\"@type\":\"BreadcrumbList\",\"@id\":\"https:\/\/fromagesenbalade.com\/index.php\/produit\/maroilles\/#breadcrumb\",\"itemListElement\":[{\"@type\":\"ListItem\",\"position\":1,\"name\":\"Accueil\",\"item\":\"https:\/\/fromagesenbalade.com\/\"},{\"@type\":\"ListItem\",\"position\":2,\"name\":\"Mes produits\",\"item\":\"https:\/\/fromagesenbalade.com\/index.php\/produits\/\"},{\"@type\":\"ListItem\",\"position\":3,\"name\":\"Maroilles\"}]},{\"@type\":\"WebSite\",\"@id\":\"https:\/\/fromagesenbalade.com\/#website\",\"url\":\"https:\/\/fromagesenbalade.com\/\",\"name\":\"fromagesenbalade.com\",\"description\":\"\",\"publisher\":{\"@id\":\"https:\/\/fromagesenbalade.com\/#organization\"},\"potentialAction\":[{\"@type\":\"SearchAction\",\"target\":{\"@type\":\"EntryPoint\",\"urlTemplate\":\"https:\/\/fromagesenbalade.com\/?s={search_term_string}\"},\"query-input\":\"required name=search_term_string\"}],\"inLanguage\":\"fr-FR\"},{\"@type\":\"Organization\",\"@id\":\"https:\/\/fromagesenbalade.com\/#organization\",\"name\":\"fromagesenbalade.com\",\"url\":\"https:\/\/fromagesenbalade.com\/\",\"logo\":{\"@type\":\"ImageObject\",\"inLanguage\":\"fr-FR\",\"@id\":\"https:\/\/fromagesenbalade.com\/#\/schema\/logo\/image\/\",\"url\":\"https:\/\/fromagesenbalade.com\/wp-content\/uploads\/2024\/01\/01-FEB-Logo-Declinaison01.png\",\"contentUrl\":\"https:\/\/fromagesenbalade.com\/wp-content\/uploads\/2024\/01\/01-FEB-Logo-Declinaison01.png\",\"width\":4588,\"height\":2481,\"caption\":\"fromagesenbalade.com\"},\"image\":{\"@id\":\"https:\/\/fromagesenbalade.com\/#\/schema\/logo\/image\/\"}}]}<\/script>\n<!-- \/ Yoast SEO plugin. -->","yoast_head_json":{"title":"Maroilles - fromagesenbalade.com","description":"Fromage AOP fermier au lait cru de vache, fabriqu\u00e9 dans le Nord. Tr\u00e8s odorant, le Maroilles s'av\u00e8re en r\u00e9alit\u00e9 d\u00e9licat et frais, marqu\u00e9 par des notes de lait au sein d'une texture fondante et crayeuse \u00e0 coeur.","robots":{"index":"index","follow":"follow","max-snippet":"max-snippet:-1","max-image-preview":"max-image-preview:large","max-video-preview":"max-video-preview:-1"},"canonical":"https:\/\/fromagesenbalade.com\/index.php\/produit\/maroilles\/","og_locale":"fr_FR","og_type":"article","og_title":"Maroilles - fromagesenbalade.com","og_description":"Fromage AOP fermier au lait cru de vache, fabriqu\u00e9 dans le Nord. Tr\u00e8s odorant, le Maroilles s'av\u00e8re en r\u00e9alit\u00e9 d\u00e9licat et frais, marqu\u00e9 par des notes de lait au sein d'une texture fondante et crayeuse \u00e0 coeur.","og_url":"https:\/\/fromagesenbalade.com\/index.php\/produit\/maroilles\/","og_site_name":"fromagesenbalade.com","article_modified_time":"2024-11-04T18:12:38+00:00","og_image":[{"width":306,"height":243,"url":"https:\/\/fromagesenbalade.com\/wp-content\/uploads\/2024\/03\/maroilles.jpg","type":"image\/jpeg"}],"twitter_card":"summary_large_image","twitter_misc":{"Dur\u00e9e de lecture estim\u00e9e":"1 minute"},"schema":{"@context":"https:\/\/schema.org","@graph":[{"@type":"WebPage","@id":"https:\/\/fromagesenbalade.com\/index.php\/produit\/maroilles\/","url":"https:\/\/fromagesenbalade.com\/index.php\/produit\/maroilles\/","name":"Maroilles - fromagesenbalade.com","isPartOf":{"@id":"https:\/\/fromagesenbalade.com\/#website"},"primaryImageOfPage":{"@id":"https:\/\/fromagesenbalade.com\/index.php\/produit\/maroilles\/#primaryimage"},"image":{"@id":"https:\/\/fromagesenbalade.com\/index.php\/produit\/maroilles\/#primaryimage"},"thumbnailUrl":"https:\/\/fromagesenbalade.com\/wp-content\/uploads\/2024\/03\/maroilles.jpg","datePublished":"2024-03-09T19:46:57+00:00","dateModified":"2024-11-04T18:12:38+00:00","description":"Fromage AOP fermier au lait cru de vache, fabriqu\u00e9 dans le Nord. Tr\u00e8s odorant, le Maroilles s'av\u00e8re en r\u00e9alit\u00e9 d\u00e9licat et frais, marqu\u00e9 par des notes de lait au sein d'une texture fondante et crayeuse \u00e0 coeur.","breadcrumb":{"@id":"https:\/\/fromagesenbalade.com\/index.php\/produit\/maroilles\/#breadcrumb"},"inLanguage":"fr-FR","potentialAction":[{"@type":"ReadAction","target":["https:\/\/fromagesenbalade.com\/index.php\/produit\/maroilles\/"]}]},{"@type":"ImageObject","inLanguage":"fr-FR","@id":"https:\/\/fromagesenbalade.com\/index.php\/produit\/maroilles\/#primaryimage","url":"https:\/\/fromagesenbalade.com\/wp-content\/uploads\/2024\/03\/maroilles.jpg","contentUrl":"https:\/\/fromagesenbalade.com\/wp-content\/uploads\/2024\/03\/maroilles.jpg","width":306,"height":243},{"@type":"BreadcrumbList","@id":"https:\/\/fromagesenbalade.com\/index.php\/produit\/maroilles\/#breadcrumb","itemListElement":[{"@type":"ListItem","position":1,"name":"Accueil","item":"https:\/\/fromagesenbalade.com\/"},{"@type":"ListItem","position":2,"name":"Mes produits","item":"https:\/\/fromagesenbalade.com\/index.php\/produits\/"},{"@type":"ListItem","position":3,"name":"Maroilles"}]},{"@type":"WebSite","@id":"https:\/\/fromagesenbalade.com\/#website","url":"https:\/\/fromagesenbalade.com\/","name":"fromagesenbalade.com","description":"","publisher":{"@id":"https:\/\/fromagesenbalade.com\/#organization"},"potentialAction":[{"@type":"SearchAction","target":{"@type":"EntryPoint","urlTemplate":"https:\/\/fromagesenbalade.com\/?s={search_term_string}"},"query-input":"required name=search_term_string"}],"inLanguage":"fr-FR"},{"@type":"Organization","@id":"https:\/\/fromagesenbalade.com\/#organization","name":"fromagesenbalade.com","url":"https:\/\/fromagesenbalade.com\/","logo":{"@type":"ImageObject","inLanguage":"fr-FR","@id":"https:\/\/fromagesenbalade.com\/#\/schema\/logo\/image\/","url":"https:\/\/fromagesenbalade.com\/wp-content\/uploads\/2024\/01\/01-FEB-Logo-Declinaison01.png","contentUrl":"https:\/\/fromagesenbalade.com\/wp-content\/uploads\/2024\/01\/01-FEB-Logo-Declinaison01.png","width":4588,"height":2481,"caption":"fromagesenbalade.com"},"image":{"@id":"https:\/\/fromagesenbalade.com\/#\/schema\/logo\/image\/"}}]}},"_links":{"self":[{"href":"https:\/\/fromagesenbalade.com\/index.php\/wp-json\/wp\/v2\/product\/282"}],"collection":[{"href":"https:\/\/fromagesenbalade.com\/index.php\/wp-json\/wp\/v2\/product"}],"about":[{"href":"https:\/\/fromagesenbalade.com\/index.php\/wp-json\/wp\/v2\/types\/product"}],"replies":[{"embeddable":true,"href":"https:\/\/fromagesenbalade.com\/index.php\/wp-json\/wp\/v2\/comments?post=282"}],"wp:featuredmedia":[{"embeddable":true,"href":"https:\/\/fromagesenbalade.com\/index.php\/wp-json\/wp\/v2\/media\/233"}],"wp:attachment":[{"href":"https:\/\/fromagesenbalade.com\/index.php\/wp-json\/wp\/v2\/media?parent=282"}],"wp:term":[{"taxonomy":"product_cat","embeddable":true,"href":"https:\/\/fromagesenbalade.com\/index.php\/wp-json\/wp\/v2\/product_cat?post=282"},{"taxonomy":"product_tag","embeddable":true,"href":"https:\/\/fromagesenbalade.com\/index.php\/wp-json\/wp\/v2\/product_tag?post=282"}],"curies":[{"name":"wp","href":"https:\/\/api.w.org\/{rel}","templated":true}]}}

<p>Fromage AOP fermier au lait cru de vache, fabriqué dans le Nord. Très odorant, le Maroilles s&rsquo;avère en réalité délicat et frais, marqué par des notes de lait au sein d&rsquo;une texture fondante et crayeuse à coeur.</p>

<!-- This site is optimized with the Yoast SEO plugin v22.2 - https://yoast.com/wordpress/plugins/seo/ -->
<title>Maroilles - fromagesenbalade.com</title>
<meta name="description" content="Fromage AOP fermier au lait cru de vache, fabriqué dans le Nord. Très odorant, le Maroilles s&#039;avère en réalité délicat et frais, marqué par des notes de lait au sein d&#039;une texture fondante et crayeuse à coeur." />
<meta name="robots" content="index, follow, max-snippet:-1, max-image-preview:large, max-video-preview:-1" />
<link rel="canonical" href="https://fromagesenbalade.com/index.php/produit/maroilles/" />
<meta property="og:locale" content="fr_FR" />
<meta property="og:type" content="article" />
<meta property="og:title" content="Maroilles - fromagesenbalade.com" />
<meta property="og:description" content="Fromage AOP fermier au lait cru de vache, fabriqué dans le Nord. Très odorant, le Maroilles s&#039;avère en réalité délicat et frais, marqué par des notes de lait au sein d&#039;une texture fondante et crayeuse à coeur." />
<meta property="og:url" content="https://fromagesenbalade.com/index.php/produit/maroilles/" />
<meta property="og:site_name" content="fromagesenbalade.com" />
<meta property="article:modified_time" content="2024-11-04T18:12:38+00:00" />
<meta property="og:image" content="https://fromagesenbalade.com/wp-content/uploads/2024/03/maroilles.jpg" />
	<meta property="og:image:width" content="306" />
	<meta property="og:image:height" content="243" />
	<meta property="og:image:type" content="image/jpeg" />
<meta name="twitter:card" content="summary_large_image" />
<meta name="twitter:label1" content="Durée de lecture estimée" />
	<meta name="twitter:data1" content="1 minute" />
<script type="application/ld+json" class="yoast-schema-graph">{"@context":"https://schema.org","@graph":[{"@type":"WebPage","@id":"https://fromagesenbalade.com/index.php/produit/maroilles/","url":"https://fromagesenbalade.com/index.php/produit/maroilles/","name":"Maroilles - fromagesenbalade.com","isPartOf":{"@id":"https://fromagesenbalade.com/#website"},"primaryImageOfPage":{"@id":"https://fromagesenbalade.com/index.php/produit/maroilles/#primaryimage"},"image":{"@id":"https://fromagesenbalade.com/index.php/produit/maroilles/#primaryimage"},"thumbnailUrl":"https://fromagesenbalade.com/wp-content/uploads/2024/03/maroilles.jpg","datePublished":"2024-03-09T19:46:57+00:00","dateModified":"2024-11-04T18:12:38+00:00","description":"Fromage AOP fermier au lait cru de vache, fabriqué dans le Nord. Très odorant, le Maroilles s'avère en réalité délicat et frais, marqué par des notes de lait au sein d'une texture fondante et crayeuse à coeur.","breadcrumb":{"@id":"https://fromagesenbalade.com/index.php/produit/maroilles/#breadcrumb"},"inLanguage":"fr-FR","potentialAction":[{"@type":"ReadAction","target":["https://fromagesenbalade.com/index.php/produit/maroilles/"]}]},{"@type":"ImageObject","inLanguage":"fr-FR","@id":"https://fromagesenbalade.com/index.php/produit/maroilles/#primaryimage","url":"https://fromagesenbalade.com/wp-content/uploads/2024/03/maroilles.jpg","contentUrl":"https://fromagesenbalade.com/wp-content/uploads/2024/03/maroilles.jpg","width":306,"height":243},{"@type":"BreadcrumbList","@id":"https://fromagesenbalade.com/index.php/produit/maroilles/#breadcrumb","itemListElement":[{"@type":"ListItem","position":1,"name":"Accueil","item":"https://fromagesenbalade.com/"},{"@type":"ListItem","position":2,"name":"Mes produits","item":"https://fromagesenbalade.com/index.php/produits/"},{"@type":"ListItem","position":3,"name":"Maroilles"}]},{"@type":"WebSite","@id":"https://fromagesenbalade.com/#website","url":"https://fromagesenbalade.com/","name":"fromagesenbalade.com","description":"","publisher":{"@id":"https://fromagesenbalade.com/#organization"},"potentialAction":[{"@type":"SearchAction","target":{"@type":"EntryPoint","urlTemplate":"https://fromagesenbalade.com/?s={search_term_string}"},"query-input":"required name=search_term_string"}],"inLanguage":"fr-FR"},{"@type":"Organization","@id":"https://fromagesenbalade.com/#organization","name":"fromagesenbalade.com","url":"https://fromagesenbalade.com/","logo":{"@type":"ImageObject","inLanguage":"fr-FR","@id":"https://fromagesenbalade.com/#/schema/logo/image/","url":"https://fromagesenbalade.com/wp-content/uploads/2024/01/01-FEB-Logo-Declinaison01.png","contentUrl":"https://fromagesenbalade.com/wp-content/uploads/2024/01/01-FEB-Logo-Declinaison01.png","width":4588,"height":2481,"caption":"fromagesenbalade.com"},"image":{"@id":"https://fromagesenbalade.com/#/schema/logo/image/"}}]}</script>
<!-- / Yoast SEO plugin. -->

Fromage AOP fermier au lait cru de vache, fabriqué dans le Nord. Très odorant, le Maroilles s'avère en réalité délicat et frais, marqué par des notes de lait au sein d'une texture fondante et crayeuse à coeur.
