{"id":255,"date":"2024-03-09T13:55:12","date_gmt":"2024-03-09T12:55:12","guid":{"rendered":"https:\/\/fromagesenbalade.com\/?post_type=product&#038;p=255"},"modified":"2024-03-09T13:55:12","modified_gmt":"2024-03-09T12:55:12","slug":"claousou-des-causses","status":"publish","type":"product","link":"https:\/\/fromagesenbalade.com\/index.php\/produit\/claousou-des-causses\/","title":{"rendered":"Claousou des Causses"},"content":{"rendered":"<p>Fromage \u00e0 cro\u00fbte lav\u00e9e au lait thermis\u00e9 de brebis, pr\u00e9sent\u00e9 en sangle d&rsquo;\u00e9pic\u00e9a et fabriqu\u00e9 en Loz\u00e8re. Il se pr\u00e9sente tr\u00e8s cr\u00e9meux et parfum\u00e9 en bouche, aux notes douces et fruit\u00e9es.<\/p>\n","protected":false},"excerpt":{"rendered":"<p>Fromage \u00e0 cro\u00fbte lav\u00e9e au lait thermis\u00e9 de brebis, pr\u00e9sent\u00e9 en sangle d&rsquo;\u00e9pic\u00e9a et fabriqu\u00e9 en Loz\u00e8re. Il se pr\u00e9sente tr\u00e8s cr\u00e9meux et parfum\u00e9 en bouche, aux notes douces et fruit\u00e9es.<\/p>\n","protected":false},"featured_media":212,"comment_status":"open","ping_status":"closed","template":"","meta":{"_et_pb_use_builder":"","_et_pb_old_content":"","_et_gb_content_width":""},"product_cat":[19,31,29],"product_tag":[42],"yoast_head":"<!-- This site is optimized with the Yoast SEO plugin v22.2 - https:\/\/yoast.com\/wordpress\/plugins\/seo\/ -->\n<title>Claousou des Causses - fromagesenbalade.com<\/title>\n<meta name=\"description\" content=\"Fromage \u00e0 cro\u00fbte lav\u00e9e au lait thermis\u00e9 de brebis, pr\u00e9sent\u00e9 en sangle d&#039;\u00e9pic\u00e9a et fabriqu\u00e9 en Loz\u00e8re. Il se pr\u00e9sente tr\u00e8s cr\u00e9meux et parfum\u00e9 en bouche, aux notes douces et fruit\u00e9es.13,9\" \/>\n<meta name=\"robots\" content=\"index, follow, max-snippet:-1, max-image-preview:large, max-video-preview:-1\" \/>\n<link rel=\"canonical\" href=\"https:\/\/fromagesenbalade.com\/index.php\/produit\/claousou-des-causses\/\" \/>\n<meta property=\"og:locale\" content=\"fr_FR\" \/>\n<meta property=\"og:type\" content=\"article\" \/>\n<meta property=\"og:title\" content=\"Claousou des Causses - fromagesenbalade.com\" \/>\n<meta property=\"og:description\" content=\"Fromage \u00e0 cro\u00fbte lav\u00e9e au lait thermis\u00e9 de brebis, pr\u00e9sent\u00e9 en sangle d&#039;\u00e9pic\u00e9a et fabriqu\u00e9 en Loz\u00e8re. Il se pr\u00e9sente tr\u00e8s cr\u00e9meux et parfum\u00e9 en bouche, aux notes douces et fruit\u00e9es.13,9\" \/>\n<meta property=\"og:url\" content=\"https:\/\/fromagesenbalade.com\/index.php\/produit\/claousou-des-causses\/\" \/>\n<meta property=\"og:site_name\" content=\"fromagesenbalade.com\" \/>\n<meta property=\"og:image\" content=\"https:\/\/fromagesenbalade.com\/wp-content\/uploads\/2024\/03\/claousou-brebis.jpg\" \/>\n\t<meta property=\"og:image:width\" content=\"387\" \/>\n\t<meta property=\"og:image:height\" content=\"287\" \/>\n\t<meta property=\"og:image:type\" content=\"image\/jpeg\" \/>\n<meta name=\"twitter:card\" content=\"summary_large_image\" \/>\n<meta name=\"twitter:label1\" content=\"Dur\u00e9e de lecture estim\u00e9e\" \/>\n\t<meta name=\"twitter:data1\" content=\"1 minute\" \/>\n<script type=\"application\/ld+json\" class=\"yoast-schema-graph\">{\"@context\":\"https:\/\/schema.org\",\"@graph\":[{\"@type\":\"WebPage\",\"@id\":\"https:\/\/fromagesenbalade.com\/index.php\/produit\/claousou-des-causses\/\",\"url\":\"https:\/\/fromagesenbalade.com\/index.php\/produit\/claousou-des-causses\/\",\"name\":\"Claousou des Causses - fromagesenbalade.com\",\"isPartOf\":{\"@id\":\"https:\/\/fromagesenbalade.com\/#website\"},\"primaryImageOfPage\":{\"@id\":\"https:\/\/fromagesenbalade.com\/index.php\/produit\/claousou-des-causses\/#primaryimage\"},\"image\":{\"@id\":\"https:\/\/fromagesenbalade.com\/index.php\/produit\/claousou-des-causses\/#primaryimage\"},\"thumbnailUrl\":\"https:\/\/fromagesenbalade.com\/wp-content\/uploads\/2024\/03\/claousou-brebis.jpg\",\"datePublished\":\"2024-03-09T12:55:12+00:00\",\"dateModified\":\"2024-03-09T12:55:12+00:00\",\"description\":\"Fromage \u00e0 cro\u00fbte lav\u00e9e au lait thermis\u00e9 de brebis, pr\u00e9sent\u00e9 en sangle d'\u00e9pic\u00e9a et fabriqu\u00e9 en Loz\u00e8re. Il se pr\u00e9sente tr\u00e8s cr\u00e9meux et parfum\u00e9 en bouche, aux notes douces et fruit\u00e9es.13,9\",\"breadcrumb\":{\"@id\":\"https:\/\/fromagesenbalade.com\/index.php\/produit\/claousou-des-causses\/#breadcrumb\"},\"inLanguage\":\"fr-FR\",\"potentialAction\":[{\"@type\":\"ReadAction\",\"target\":[\"https:\/\/fromagesenbalade.com\/index.php\/produit\/claousou-des-causses\/\"]}]},{\"@type\":\"ImageObject\",\"inLanguage\":\"fr-FR\",\"@id\":\"https:\/\/fromagesenbalade.com\/index.php\/produit\/claousou-des-causses\/#primaryimage\",\"url\":\"https:\/\/fromagesenbalade.com\/wp-content\/uploads\/2024\/03\/claousou-brebis.jpg\",\"contentUrl\":\"https:\/\/fromagesenbalade.com\/wp-content\/uploads\/2024\/03\/claousou-brebis.jpg\",\"width\":387,\"height\":287},{\"@type\":\"BreadcrumbList\",\"@id\":\"https:\/\/fromagesenbalade.com\/index.php\/produit\/claousou-des-causses\/#breadcrumb\",\"itemListElement\":[{\"@type\":\"ListItem\",\"position\":1,\"name\":\"Accueil\",\"item\":\"https:\/\/fromagesenbalade.com\/\"},{\"@type\":\"ListItem\",\"position\":2,\"name\":\"Mes produits\",\"item\":\"https:\/\/fromagesenbalade.com\/index.php\/produits\/\"},{\"@type\":\"ListItem\",\"position\":3,\"name\":\"Claousou des Causses\"}]},{\"@type\":\"WebSite\",\"@id\":\"https:\/\/fromagesenbalade.com\/#website\",\"url\":\"https:\/\/fromagesenbalade.com\/\",\"name\":\"fromagesenbalade.com\",\"description\":\"\",\"publisher\":{\"@id\":\"https:\/\/fromagesenbalade.com\/#organization\"},\"potentialAction\":[{\"@type\":\"SearchAction\",\"target\":{\"@type\":\"EntryPoint\",\"urlTemplate\":\"https:\/\/fromagesenbalade.com\/?s={search_term_string}\"},\"query-input\":\"required name=search_term_string\"}],\"inLanguage\":\"fr-FR\"},{\"@type\":\"Organization\",\"@id\":\"https:\/\/fromagesenbalade.com\/#organization\",\"name\":\"fromagesenbalade.com\",\"url\":\"https:\/\/fromagesenbalade.com\/\",\"logo\":{\"@type\":\"ImageObject\",\"inLanguage\":\"fr-FR\",\"@id\":\"https:\/\/fromagesenbalade.com\/#\/schema\/logo\/image\/\",\"url\":\"https:\/\/fromagesenbalade.com\/wp-content\/uploads\/2024\/01\/01-FEB-Logo-Declinaison01.png\",\"contentUrl\":\"https:\/\/fromagesenbalade.com\/wp-content\/uploads\/2024\/01\/01-FEB-Logo-Declinaison01.png\",\"width\":4588,\"height\":2481,\"caption\":\"fromagesenbalade.com\"},\"image\":{\"@id\":\"https:\/\/fromagesenbalade.com\/#\/schema\/logo\/image\/\"}}]}<\/script>\n<!-- \/ Yoast SEO plugin. -->","yoast_head_json":{"title":"Claousou des Causses - fromagesenbalade.com","description":"Fromage \u00e0 cro\u00fbte lav\u00e9e au lait thermis\u00e9 de brebis, pr\u00e9sent\u00e9 en sangle d'\u00e9pic\u00e9a et fabriqu\u00e9 en Loz\u00e8re. Il se pr\u00e9sente tr\u00e8s cr\u00e9meux et parfum\u00e9 en bouche, aux notes douces et fruit\u00e9es.13,9","robots":{"index":"index","follow":"follow","max-snippet":"max-snippet:-1","max-image-preview":"max-image-preview:large","max-video-preview":"max-video-preview:-1"},"canonical":"https:\/\/fromagesenbalade.com\/index.php\/produit\/claousou-des-causses\/","og_locale":"fr_FR","og_type":"article","og_title":"Claousou des Causses - fromagesenbalade.com","og_description":"Fromage \u00e0 cro\u00fbte lav\u00e9e au lait thermis\u00e9 de brebis, pr\u00e9sent\u00e9 en sangle d'\u00e9pic\u00e9a et fabriqu\u00e9 en Loz\u00e8re. Il se pr\u00e9sente tr\u00e8s cr\u00e9meux et parfum\u00e9 en bouche, aux notes douces et fruit\u00e9es.13,9","og_url":"https:\/\/fromagesenbalade.com\/index.php\/produit\/claousou-des-causses\/","og_site_name":"fromagesenbalade.com","og_image":[{"width":387,"height":287,"url":"https:\/\/fromagesenbalade.com\/wp-content\/uploads\/2024\/03\/claousou-brebis.jpg","type":"image\/jpeg"}],"twitter_card":"summary_large_image","twitter_misc":{"Dur\u00e9e de lecture estim\u00e9e":"1 minute"},"schema":{"@context":"https:\/\/schema.org","@graph":[{"@type":"WebPage","@id":"https:\/\/fromagesenbalade.com\/index.php\/produit\/claousou-des-causses\/","url":"https:\/\/fromagesenbalade.com\/index.php\/produit\/claousou-des-causses\/","name":"Claousou des Causses - fromagesenbalade.com","isPartOf":{"@id":"https:\/\/fromagesenbalade.com\/#website"},"primaryImageOfPage":{"@id":"https:\/\/fromagesenbalade.com\/index.php\/produit\/claousou-des-causses\/#primaryimage"},"image":{"@id":"https:\/\/fromagesenbalade.com\/index.php\/produit\/claousou-des-causses\/#primaryimage"},"thumbnailUrl":"https:\/\/fromagesenbalade.com\/wp-content\/uploads\/2024\/03\/claousou-brebis.jpg","datePublished":"2024-03-09T12:55:12+00:00","dateModified":"2024-03-09T12:55:12+00:00","description":"Fromage \u00e0 cro\u00fbte lav\u00e9e au lait thermis\u00e9 de brebis, pr\u00e9sent\u00e9 en sangle d'\u00e9pic\u00e9a et fabriqu\u00e9 en Loz\u00e8re. Il se pr\u00e9sente tr\u00e8s cr\u00e9meux et parfum\u00e9 en bouche, aux notes douces et fruit\u00e9es.13,9","breadcrumb":{"@id":"https:\/\/fromagesenbalade.com\/index.php\/produit\/claousou-des-causses\/#breadcrumb"},"inLanguage":"fr-FR","potentialAction":[{"@type":"ReadAction","target":["https:\/\/fromagesenbalade.com\/index.php\/produit\/claousou-des-causses\/"]}]},{"@type":"ImageObject","inLanguage":"fr-FR","@id":"https:\/\/fromagesenbalade.com\/index.php\/produit\/claousou-des-causses\/#primaryimage","url":"https:\/\/fromagesenbalade.com\/wp-content\/uploads\/2024\/03\/claousou-brebis.jpg","contentUrl":"https:\/\/fromagesenbalade.com\/wp-content\/uploads\/2024\/03\/claousou-brebis.jpg","width":387,"height":287},{"@type":"BreadcrumbList","@id":"https:\/\/fromagesenbalade.com\/index.php\/produit\/claousou-des-causses\/#breadcrumb","itemListElement":[{"@type":"ListItem","position":1,"name":"Accueil","item":"https:\/\/fromagesenbalade.com\/"},{"@type":"ListItem","position":2,"name":"Mes produits","item":"https:\/\/fromagesenbalade.com\/index.php\/produits\/"},{"@type":"ListItem","position":3,"name":"Claousou des Causses"}]},{"@type":"WebSite","@id":"https:\/\/fromagesenbalade.com\/#website","url":"https:\/\/fromagesenbalade.com\/","name":"fromagesenbalade.com","description":"","publisher":{"@id":"https:\/\/fromagesenbalade.com\/#organization"},"potentialAction":[{"@type":"SearchAction","target":{"@type":"EntryPoint","urlTemplate":"https:\/\/fromagesenbalade.com\/?s={search_term_string}"},"query-input":"required name=search_term_string"}],"inLanguage":"fr-FR"},{"@type":"Organization","@id":"https:\/\/fromagesenbalade.com\/#organization","name":"fromagesenbalade.com","url":"https:\/\/fromagesenbalade.com\/","logo":{"@type":"ImageObject","inLanguage":"fr-FR","@id":"https:\/\/fromagesenbalade.com\/#\/schema\/logo\/image\/","url":"https:\/\/fromagesenbalade.com\/wp-content\/uploads\/2024\/01\/01-FEB-Logo-Declinaison01.png","contentUrl":"https:\/\/fromagesenbalade.com\/wp-content\/uploads\/2024\/01\/01-FEB-Logo-Declinaison01.png","width":4588,"height":2481,"caption":"fromagesenbalade.com"},"image":{"@id":"https:\/\/fromagesenbalade.com\/#\/schema\/logo\/image\/"}}]}},"_links":{"self":[{"href":"https:\/\/fromagesenbalade.com\/index.php\/wp-json\/wp\/v2\/product\/255"}],"collection":[{"href":"https:\/\/fromagesenbalade.com\/index.php\/wp-json\/wp\/v2\/product"}],"about":[{"href":"https:\/\/fromagesenbalade.com\/index.php\/wp-json\/wp\/v2\/types\/product"}],"replies":[{"embeddable":true,"href":"https:\/\/fromagesenbalade.com\/index.php\/wp-json\/wp\/v2\/comments?post=255"}],"wp:featuredmedia":[{"embeddable":true,"href":"https:\/\/fromagesenbalade.com\/index.php\/wp-json\/wp\/v2\/media\/212"}],"wp:attachment":[{"href":"https:\/\/fromagesenbalade.com\/index.php\/wp-json\/wp\/v2\/media?parent=255"}],"wp:term":[{"taxonomy":"product_cat","embeddable":true,"href":"https:\/\/fromagesenbalade.com\/index.php\/wp-json\/wp\/v2\/product_cat?post=255"},{"taxonomy":"product_tag","embeddable":true,"href":"https:\/\/fromagesenbalade.com\/index.php\/wp-json\/wp\/v2\/product_tag?post=255"}],"curies":[{"name":"wp","href":"https:\/\/api.w.org\/{rel}","templated":true}]}}

<p>Fromage à croûte lavée au lait thermisé de brebis, présenté en sangle d&rsquo;épicéa et fabriqué en Lozère. Il se présente très crémeux et parfumé en bouche, aux notes douces et fruitées.</p>

<!-- This site is optimized with the Yoast SEO plugin v22.2 - https://yoast.com/wordpress/plugins/seo/ -->
<title>Claousou des Causses - fromagesenbalade.com</title>
<meta name="description" content="Fromage à croûte lavée au lait thermisé de brebis, présenté en sangle d&#039;épicéa et fabriqué en Lozère. Il se présente très crémeux et parfumé en bouche, aux notes douces et fruitées.13,9" />
<meta name="robots" content="index, follow, max-snippet:-1, max-image-preview:large, max-video-preview:-1" />
<link rel="canonical" href="https://fromagesenbalade.com/index.php/produit/claousou-des-causses/" />
<meta property="og:locale" content="fr_FR" />
<meta property="og:type" content="article" />
<meta property="og:title" content="Claousou des Causses - fromagesenbalade.com" />
<meta property="og:description" content="Fromage à croûte lavée au lait thermisé de brebis, présenté en sangle d&#039;épicéa et fabriqué en Lozère. Il se présente très crémeux et parfumé en bouche, aux notes douces et fruitées.13,9" />
<meta property="og:url" content="https://fromagesenbalade.com/index.php/produit/claousou-des-causses/" />
<meta property="og:site_name" content="fromagesenbalade.com" />
<meta property="og:image" content="https://fromagesenbalade.com/wp-content/uploads/2024/03/claousou-brebis.jpg" />
	<meta property="og:image:width" content="387" />
	<meta property="og:image:height" content="287" />
	<meta property="og:image:type" content="image/jpeg" />
<meta name="twitter:card" content="summary_large_image" />
<meta name="twitter:label1" content="Durée de lecture estimée" />
	<meta name="twitter:data1" content="1 minute" />
<script type="application/ld+json" class="yoast-schema-graph">{"@context":"https://schema.org","@graph":[{"@type":"WebPage","@id":"https://fromagesenbalade.com/index.php/produit/claousou-des-causses/","url":"https://fromagesenbalade.com/index.php/produit/claousou-des-causses/","name":"Claousou des Causses - fromagesenbalade.com","isPartOf":{"@id":"https://fromagesenbalade.com/#website"},"primaryImageOfPage":{"@id":"https://fromagesenbalade.com/index.php/produit/claousou-des-causses/#primaryimage"},"image":{"@id":"https://fromagesenbalade.com/index.php/produit/claousou-des-causses/#primaryimage"},"thumbnailUrl":"https://fromagesenbalade.com/wp-content/uploads/2024/03/claousou-brebis.jpg","datePublished":"2024-03-09T12:55:12+00:00","dateModified":"2024-03-09T12:55:12+00:00","description":"Fromage à croûte lavée au lait thermisé de brebis, présenté en sangle d'épicéa et fabriqué en Lozère. Il se présente très crémeux et parfumé en bouche, aux notes douces et fruitées.13,9","breadcrumb":{"@id":"https://fromagesenbalade.com/index.php/produit/claousou-des-causses/#breadcrumb"},"inLanguage":"fr-FR","potentialAction":[{"@type":"ReadAction","target":["https://fromagesenbalade.com/index.php/produit/claousou-des-causses/"]}]},{"@type":"ImageObject","inLanguage":"fr-FR","@id":"https://fromagesenbalade.com/index.php/produit/claousou-des-causses/#primaryimage","url":"https://fromagesenbalade.com/wp-content/uploads/2024/03/claousou-brebis.jpg","contentUrl":"https://fromagesenbalade.com/wp-content/uploads/2024/03/claousou-brebis.jpg","width":387,"height":287},{"@type":"BreadcrumbList","@id":"https://fromagesenbalade.com/index.php/produit/claousou-des-causses/#breadcrumb","itemListElement":[{"@type":"ListItem","position":1,"name":"Accueil","item":"https://fromagesenbalade.com/"},{"@type":"ListItem","position":2,"name":"Mes produits","item":"https://fromagesenbalade.com/index.php/produits/"},{"@type":"ListItem","position":3,"name":"Claousou des Causses"}]},{"@type":"WebSite","@id":"https://fromagesenbalade.com/#website","url":"https://fromagesenbalade.com/","name":"fromagesenbalade.com","description":"","publisher":{"@id":"https://fromagesenbalade.com/#organization"},"potentialAction":[{"@type":"SearchAction","target":{"@type":"EntryPoint","urlTemplate":"https://fromagesenbalade.com/?s={search_term_string}"},"query-input":"required name=search_term_string"}],"inLanguage":"fr-FR"},{"@type":"Organization","@id":"https://fromagesenbalade.com/#organization","name":"fromagesenbalade.com","url":"https://fromagesenbalade.com/","logo":{"@type":"ImageObject","inLanguage":"fr-FR","@id":"https://fromagesenbalade.com/#/schema/logo/image/","url":"https://fromagesenbalade.com/wp-content/uploads/2024/01/01-FEB-Logo-Declinaison01.png","contentUrl":"https://fromagesenbalade.com/wp-content/uploads/2024/01/01-FEB-Logo-Declinaison01.png","width":4588,"height":2481,"caption":"fromagesenbalade.com"},"image":{"@id":"https://fromagesenbalade.com/#/schema/logo/image/"}}]}</script>
<!-- / Yoast SEO plugin. -->

Fromage à croûte lavée au lait thermisé de brebis, présenté en sangle d'épicéa et fabriqué en Lozère. Il se présente très crémeux et parfumé en bouche, aux notes douces et fruitées.13,9
