{"id":187,"date":"2024-03-09T10:28:24","date_gmt":"2024-03-09T09:28:24","guid":{"rendered":"https:\/\/fromagesenbalade.com\/?post_type=product&#038;p=187"},"modified":"2025-04-07T05:55:44","modified_gmt":"2025-04-07T03:55:44","slug":"appenzeller-200g","status":"publish","type":"product","link":"https:\/\/fromagesenbalade.com\/index.php\/produit\/appenzeller-200g\/","title":{"rendered":"Appenzeller 200g"},"content":{"rendered":"<p>Fromage au lait thermis\u00e9 de vache, affin\u00e9 6 \u00e0 8 mois, fabriqu\u00e9 en Suisse. Sa chaire peut aller d&rsquo;un blanc ivoire \u00e0 un jaune paille ou dor\u00e9 selon l&rsquo;affinage. C\u00f4t\u00e9 saveurs, il va du doux lact\u00e9 et beurr\u00e9 au puissant, floral.<\/p>\n","protected":false},"excerpt":{"rendered":"<p>Fromage au lait thermis\u00e9 de vache, affin\u00e9 6 \u00e0 8 mois, fabriqu\u00e9 en Suisse. Sa chaire peut aller d&rsquo;un blanc ivoire \u00e0 un jaune paille ou dor\u00e9 selon l&rsquo;affinage. C\u00f4t\u00e9 saveurs, il va du doux lact\u00e9 et beurr\u00e9 au puissant, floral.<\/p>\n","protected":false},"featured_media":174,"comment_status":"open","ping_status":"closed","template":"","meta":{"_et_pb_use_builder":"","_et_pb_old_content":"","_et_gb_content_width":""},"product_cat":[19,26],"product_tag":[],"yoast_head":"<!-- This site is optimized with the Yoast SEO plugin v22.2 - https:\/\/yoast.com\/wordpress\/plugins\/seo\/ -->\n<title>Appenzeller 200g - fromagesenbalade.com<\/title>\n<meta name=\"description\" content=\"Fromage au lait thermis\u00e9 de vache, affin\u00e9 6 \u00e0 8 mois, fabriqu\u00e9 en Suisse. Sa chaire peut aller d&#039;un blanc ivoire \u00e0 un jaune paille ou dor\u00e9 selon l&#039;affinage. C\u00f4t\u00e9 saveurs, il va du doux lact\u00e9 et beurr\u00e9 au puissant, floral.\" \/>\n<meta name=\"robots\" content=\"index, follow, max-snippet:-1, max-image-preview:large, max-video-preview:-1\" \/>\n<link rel=\"canonical\" href=\"https:\/\/fromagesenbalade.com\/index.php\/produit\/appenzeller-200g\/\" \/>\n<meta property=\"og:locale\" content=\"fr_FR\" \/>\n<meta property=\"og:type\" content=\"article\" \/>\n<meta property=\"og:title\" content=\"Appenzeller 200g - fromagesenbalade.com\" \/>\n<meta property=\"og:description\" content=\"Fromage au lait thermis\u00e9 de vache, affin\u00e9 6 \u00e0 8 mois, fabriqu\u00e9 en Suisse. Sa chaire peut aller d&#039;un blanc ivoire \u00e0 un jaune paille ou dor\u00e9 selon l&#039;affinage. C\u00f4t\u00e9 saveurs, il va du doux lact\u00e9 et beurr\u00e9 au puissant, floral.\" \/>\n<meta property=\"og:url\" content=\"https:\/\/fromagesenbalade.com\/index.php\/produit\/appenzeller-200g\/\" \/>\n<meta property=\"og:site_name\" content=\"fromagesenbalade.com\" \/>\n<meta property=\"article:modified_time\" content=\"2025-04-07T03:55:44+00:00\" \/>\n<meta property=\"og:image\" content=\"https:\/\/fromagesenbalade.com\/wp-content\/uploads\/2024\/03\/appenzeller.jpg\" \/>\n\t<meta property=\"og:image:width\" content=\"312\" \/>\n\t<meta property=\"og:image:height\" content=\"314\" \/>\n\t<meta property=\"og:image:type\" content=\"image\/jpeg\" \/>\n<meta name=\"twitter:card\" content=\"summary_large_image\" \/>\n<meta name=\"twitter:label1\" content=\"Dur\u00e9e de lecture estim\u00e9e\" \/>\n\t<meta name=\"twitter:data1\" content=\"1 minute\" \/>\n<script type=\"application\/ld+json\" class=\"yoast-schema-graph\">{\"@context\":\"https:\/\/schema.org\",\"@graph\":[{\"@type\":\"WebPage\",\"@id\":\"https:\/\/fromagesenbalade.com\/index.php\/produit\/appenzeller-200g\/\",\"url\":\"https:\/\/fromagesenbalade.com\/index.php\/produit\/appenzeller-200g\/\",\"name\":\"Appenzeller 200g - fromagesenbalade.com\",\"isPartOf\":{\"@id\":\"https:\/\/fromagesenbalade.com\/#website\"},\"primaryImageOfPage\":{\"@id\":\"https:\/\/fromagesenbalade.com\/index.php\/produit\/appenzeller-200g\/#primaryimage\"},\"image\":{\"@id\":\"https:\/\/fromagesenbalade.com\/index.php\/produit\/appenzeller-200g\/#primaryimage\"},\"thumbnailUrl\":\"https:\/\/fromagesenbalade.com\/wp-content\/uploads\/2024\/03\/appenzeller.jpg\",\"datePublished\":\"2024-03-09T09:28:24+00:00\",\"dateModified\":\"2025-04-07T03:55:44+00:00\",\"description\":\"Fromage au lait thermis\u00e9 de vache, affin\u00e9 6 \u00e0 8 mois, fabriqu\u00e9 en Suisse. Sa chaire peut aller d'un blanc ivoire \u00e0 un jaune paille ou dor\u00e9 selon l'affinage. C\u00f4t\u00e9 saveurs, il va du doux lact\u00e9 et beurr\u00e9 au puissant, floral.\",\"breadcrumb\":{\"@id\":\"https:\/\/fromagesenbalade.com\/index.php\/produit\/appenzeller-200g\/#breadcrumb\"},\"inLanguage\":\"fr-FR\",\"potentialAction\":[{\"@type\":\"ReadAction\",\"target\":[\"https:\/\/fromagesenbalade.com\/index.php\/produit\/appenzeller-200g\/\"]}]},{\"@type\":\"ImageObject\",\"inLanguage\":\"fr-FR\",\"@id\":\"https:\/\/fromagesenbalade.com\/index.php\/produit\/appenzeller-200g\/#primaryimage\",\"url\":\"https:\/\/fromagesenbalade.com\/wp-content\/uploads\/2024\/03\/appenzeller.jpg\",\"contentUrl\":\"https:\/\/fromagesenbalade.com\/wp-content\/uploads\/2024\/03\/appenzeller.jpg\",\"width\":312,\"height\":314},{\"@type\":\"BreadcrumbList\",\"@id\":\"https:\/\/fromagesenbalade.com\/index.php\/produit\/appenzeller-200g\/#breadcrumb\",\"itemListElement\":[{\"@type\":\"ListItem\",\"position\":1,\"name\":\"Accueil\",\"item\":\"https:\/\/fromagesenbalade.com\/\"},{\"@type\":\"ListItem\",\"position\":2,\"name\":\"Mes produits\",\"item\":\"https:\/\/fromagesenbalade.com\/index.php\/produits\/\"},{\"@type\":\"ListItem\",\"position\":3,\"name\":\"Appenzeller 200g\"}]},{\"@type\":\"WebSite\",\"@id\":\"https:\/\/fromagesenbalade.com\/#website\",\"url\":\"https:\/\/fromagesenbalade.com\/\",\"name\":\"fromagesenbalade.com\",\"description\":\"\",\"publisher\":{\"@id\":\"https:\/\/fromagesenbalade.com\/#organization\"},\"potentialAction\":[{\"@type\":\"SearchAction\",\"target\":{\"@type\":\"EntryPoint\",\"urlTemplate\":\"https:\/\/fromagesenbalade.com\/?s={search_term_string}\"},\"query-input\":\"required name=search_term_string\"}],\"inLanguage\":\"fr-FR\"},{\"@type\":\"Organization\",\"@id\":\"https:\/\/fromagesenbalade.com\/#organization\",\"name\":\"fromagesenbalade.com\",\"url\":\"https:\/\/fromagesenbalade.com\/\",\"logo\":{\"@type\":\"ImageObject\",\"inLanguage\":\"fr-FR\",\"@id\":\"https:\/\/fromagesenbalade.com\/#\/schema\/logo\/image\/\",\"url\":\"https:\/\/fromagesenbalade.com\/wp-content\/uploads\/2024\/01\/01-FEB-Logo-Declinaison01.png\",\"contentUrl\":\"https:\/\/fromagesenbalade.com\/wp-content\/uploads\/2024\/01\/01-FEB-Logo-Declinaison01.png\",\"width\":4588,\"height\":2481,\"caption\":\"fromagesenbalade.com\"},\"image\":{\"@id\":\"https:\/\/fromagesenbalade.com\/#\/schema\/logo\/image\/\"}}]}<\/script>\n<!-- \/ Yoast SEO plugin. -->","yoast_head_json":{"title":"Appenzeller 200g - fromagesenbalade.com","description":"Fromage au lait thermis\u00e9 de vache, affin\u00e9 6 \u00e0 8 mois, fabriqu\u00e9 en Suisse. Sa chaire peut aller d'un blanc ivoire \u00e0 un jaune paille ou dor\u00e9 selon l'affinage. C\u00f4t\u00e9 saveurs, il va du doux lact\u00e9 et beurr\u00e9 au puissant, floral.","robots":{"index":"index","follow":"follow","max-snippet":"max-snippet:-1","max-image-preview":"max-image-preview:large","max-video-preview":"max-video-preview:-1"},"canonical":"https:\/\/fromagesenbalade.com\/index.php\/produit\/appenzeller-200g\/","og_locale":"fr_FR","og_type":"article","og_title":"Appenzeller 200g - fromagesenbalade.com","og_description":"Fromage au lait thermis\u00e9 de vache, affin\u00e9 6 \u00e0 8 mois, fabriqu\u00e9 en Suisse. Sa chaire peut aller d'un blanc ivoire \u00e0 un jaune paille ou dor\u00e9 selon l'affinage. C\u00f4t\u00e9 saveurs, il va du doux lact\u00e9 et beurr\u00e9 au puissant, floral.","og_url":"https:\/\/fromagesenbalade.com\/index.php\/produit\/appenzeller-200g\/","og_site_name":"fromagesenbalade.com","article_modified_time":"2025-04-07T03:55:44+00:00","og_image":[{"width":312,"height":314,"url":"https:\/\/fromagesenbalade.com\/wp-content\/uploads\/2024\/03\/appenzeller.jpg","type":"image\/jpeg"}],"twitter_card":"summary_large_image","twitter_misc":{"Dur\u00e9e de lecture estim\u00e9e":"1 minute"},"schema":{"@context":"https:\/\/schema.org","@graph":[{"@type":"WebPage","@id":"https:\/\/fromagesenbalade.com\/index.php\/produit\/appenzeller-200g\/","url":"https:\/\/fromagesenbalade.com\/index.php\/produit\/appenzeller-200g\/","name":"Appenzeller 200g - fromagesenbalade.com","isPartOf":{"@id":"https:\/\/fromagesenbalade.com\/#website"},"primaryImageOfPage":{"@id":"https:\/\/fromagesenbalade.com\/index.php\/produit\/appenzeller-200g\/#primaryimage"},"image":{"@id":"https:\/\/fromagesenbalade.com\/index.php\/produit\/appenzeller-200g\/#primaryimage"},"thumbnailUrl":"https:\/\/fromagesenbalade.com\/wp-content\/uploads\/2024\/03\/appenzeller.jpg","datePublished":"2024-03-09T09:28:24+00:00","dateModified":"2025-04-07T03:55:44+00:00","description":"Fromage au lait thermis\u00e9 de vache, affin\u00e9 6 \u00e0 8 mois, fabriqu\u00e9 en Suisse. Sa chaire peut aller d'un blanc ivoire \u00e0 un jaune paille ou dor\u00e9 selon l'affinage. C\u00f4t\u00e9 saveurs, il va du doux lact\u00e9 et beurr\u00e9 au puissant, floral.","breadcrumb":{"@id":"https:\/\/fromagesenbalade.com\/index.php\/produit\/appenzeller-200g\/#breadcrumb"},"inLanguage":"fr-FR","potentialAction":[{"@type":"ReadAction","target":["https:\/\/fromagesenbalade.com\/index.php\/produit\/appenzeller-200g\/"]}]},{"@type":"ImageObject","inLanguage":"fr-FR","@id":"https:\/\/fromagesenbalade.com\/index.php\/produit\/appenzeller-200g\/#primaryimage","url":"https:\/\/fromagesenbalade.com\/wp-content\/uploads\/2024\/03\/appenzeller.jpg","contentUrl":"https:\/\/fromagesenbalade.com\/wp-content\/uploads\/2024\/03\/appenzeller.jpg","width":312,"height":314},{"@type":"BreadcrumbList","@id":"https:\/\/fromagesenbalade.com\/index.php\/produit\/appenzeller-200g\/#breadcrumb","itemListElement":[{"@type":"ListItem","position":1,"name":"Accueil","item":"https:\/\/fromagesenbalade.com\/"},{"@type":"ListItem","position":2,"name":"Mes produits","item":"https:\/\/fromagesenbalade.com\/index.php\/produits\/"},{"@type":"ListItem","position":3,"name":"Appenzeller 200g"}]},{"@type":"WebSite","@id":"https:\/\/fromagesenbalade.com\/#website","url":"https:\/\/fromagesenbalade.com\/","name":"fromagesenbalade.com","description":"","publisher":{"@id":"https:\/\/fromagesenbalade.com\/#organization"},"potentialAction":[{"@type":"SearchAction","target":{"@type":"EntryPoint","urlTemplate":"https:\/\/fromagesenbalade.com\/?s={search_term_string}"},"query-input":"required name=search_term_string"}],"inLanguage":"fr-FR"},{"@type":"Organization","@id":"https:\/\/fromagesenbalade.com\/#organization","name":"fromagesenbalade.com","url":"https:\/\/fromagesenbalade.com\/","logo":{"@type":"ImageObject","inLanguage":"fr-FR","@id":"https:\/\/fromagesenbalade.com\/#\/schema\/logo\/image\/","url":"https:\/\/fromagesenbalade.com\/wp-content\/uploads\/2024\/01\/01-FEB-Logo-Declinaison01.png","contentUrl":"https:\/\/fromagesenbalade.com\/wp-content\/uploads\/2024\/01\/01-FEB-Logo-Declinaison01.png","width":4588,"height":2481,"caption":"fromagesenbalade.com"},"image":{"@id":"https:\/\/fromagesenbalade.com\/#\/schema\/logo\/image\/"}}]}},"_links":{"self":[{"href":"https:\/\/fromagesenbalade.com\/index.php\/wp-json\/wp\/v2\/product\/187"}],"collection":[{"href":"https:\/\/fromagesenbalade.com\/index.php\/wp-json\/wp\/v2\/product"}],"about":[{"href":"https:\/\/fromagesenbalade.com\/index.php\/wp-json\/wp\/v2\/types\/product"}],"replies":[{"embeddable":true,"href":"https:\/\/fromagesenbalade.com\/index.php\/wp-json\/wp\/v2\/comments?post=187"}],"wp:featuredmedia":[{"embeddable":true,"href":"https:\/\/fromagesenbalade.com\/index.php\/wp-json\/wp\/v2\/media\/174"}],"wp:attachment":[{"href":"https:\/\/fromagesenbalade.com\/index.php\/wp-json\/wp\/v2\/media?parent=187"}],"wp:term":[{"taxonomy":"product_cat","embeddable":true,"href":"https:\/\/fromagesenbalade.com\/index.php\/wp-json\/wp\/v2\/product_cat?post=187"},{"taxonomy":"product_tag","embeddable":true,"href":"https:\/\/fromagesenbalade.com\/index.php\/wp-json\/wp\/v2\/product_tag?post=187"}],"curies":[{"name":"wp","href":"https:\/\/api.w.org\/{rel}","templated":true}]}}

<p>Fromage au lait thermisé de vache, affiné 6 à 8 mois, fabriqué en Suisse. Sa chaire peut aller d&rsquo;un blanc ivoire à un jaune paille ou doré selon l&rsquo;affinage. Côté saveurs, il va du doux lacté et beurré au puissant, floral.</p>

<!-- This site is optimized with the Yoast SEO plugin v22.2 - https://yoast.com/wordpress/plugins/seo/ -->
<title>Appenzeller 200g - fromagesenbalade.com</title>
<meta name="description" content="Fromage au lait thermisé de vache, affiné 6 à 8 mois, fabriqué en Suisse. Sa chaire peut aller d&#039;un blanc ivoire à un jaune paille ou doré selon l&#039;affinage. Côté saveurs, il va du doux lacté et beurré au puissant, floral." />
<meta name="robots" content="index, follow, max-snippet:-1, max-image-preview:large, max-video-preview:-1" />
<link rel="canonical" href="https://fromagesenbalade.com/index.php/produit/appenzeller-200g/" />
<meta property="og:locale" content="fr_FR" />
<meta property="og:type" content="article" />
<meta property="og:title" content="Appenzeller 200g - fromagesenbalade.com" />
<meta property="og:description" content="Fromage au lait thermisé de vache, affiné 6 à 8 mois, fabriqué en Suisse. Sa chaire peut aller d&#039;un blanc ivoire à un jaune paille ou doré selon l&#039;affinage. Côté saveurs, il va du doux lacté et beurré au puissant, floral." />
<meta property="og:url" content="https://fromagesenbalade.com/index.php/produit/appenzeller-200g/" />
<meta property="og:site_name" content="fromagesenbalade.com" />
<meta property="article:modified_time" content="2025-04-07T03:55:44+00:00" />
<meta property="og:image" content="https://fromagesenbalade.com/wp-content/uploads/2024/03/appenzeller.jpg" />
	<meta property="og:image:width" content="312" />
	<meta property="og:image:height" content="314" />
	<meta property="og:image:type" content="image/jpeg" />
<meta name="twitter:card" content="summary_large_image" />
<meta name="twitter:label1" content="Durée de lecture estimée" />
	<meta name="twitter:data1" content="1 minute" />
<script type="application/ld+json" class="yoast-schema-graph">{"@context":"https://schema.org","@graph":[{"@type":"WebPage","@id":"https://fromagesenbalade.com/index.php/produit/appenzeller-200g/","url":"https://fromagesenbalade.com/index.php/produit/appenzeller-200g/","name":"Appenzeller 200g - fromagesenbalade.com","isPartOf":{"@id":"https://fromagesenbalade.com/#website"},"primaryImageOfPage":{"@id":"https://fromagesenbalade.com/index.php/produit/appenzeller-200g/#primaryimage"},"image":{"@id":"https://fromagesenbalade.com/index.php/produit/appenzeller-200g/#primaryimage"},"thumbnailUrl":"https://fromagesenbalade.com/wp-content/uploads/2024/03/appenzeller.jpg","datePublished":"2024-03-09T09:28:24+00:00","dateModified":"2025-04-07T03:55:44+00:00","description":"Fromage au lait thermisé de vache, affiné 6 à 8 mois, fabriqué en Suisse. Sa chaire peut aller d'un blanc ivoire à un jaune paille ou doré selon l'affinage. Côté saveurs, il va du doux lacté et beurré au puissant, floral.","breadcrumb":{"@id":"https://fromagesenbalade.com/index.php/produit/appenzeller-200g/#breadcrumb"},"inLanguage":"fr-FR","potentialAction":[{"@type":"ReadAction","target":["https://fromagesenbalade.com/index.php/produit/appenzeller-200g/"]}]},{"@type":"ImageObject","inLanguage":"fr-FR","@id":"https://fromagesenbalade.com/index.php/produit/appenzeller-200g/#primaryimage","url":"https://fromagesenbalade.com/wp-content/uploads/2024/03/appenzeller.jpg","contentUrl":"https://fromagesenbalade.com/wp-content/uploads/2024/03/appenzeller.jpg","width":312,"height":314},{"@type":"BreadcrumbList","@id":"https://fromagesenbalade.com/index.php/produit/appenzeller-200g/#breadcrumb","itemListElement":[{"@type":"ListItem","position":1,"name":"Accueil","item":"https://fromagesenbalade.com/"},{"@type":"ListItem","position":2,"name":"Mes produits","item":"https://fromagesenbalade.com/index.php/produits/"},{"@type":"ListItem","position":3,"name":"Appenzeller 200g"}]},{"@type":"WebSite","@id":"https://fromagesenbalade.com/#website","url":"https://fromagesenbalade.com/","name":"fromagesenbalade.com","description":"","publisher":{"@id":"https://fromagesenbalade.com/#organization"},"potentialAction":[{"@type":"SearchAction","target":{"@type":"EntryPoint","urlTemplate":"https://fromagesenbalade.com/?s={search_term_string}"},"query-input":"required name=search_term_string"}],"inLanguage":"fr-FR"},{"@type":"Organization","@id":"https://fromagesenbalade.com/#organization","name":"fromagesenbalade.com","url":"https://fromagesenbalade.com/","logo":{"@type":"ImageObject","inLanguage":"fr-FR","@id":"https://fromagesenbalade.com/#/schema/logo/image/","url":"https://fromagesenbalade.com/wp-content/uploads/2024/01/01-FEB-Logo-Declinaison01.png","contentUrl":"https://fromagesenbalade.com/wp-content/uploads/2024/01/01-FEB-Logo-Declinaison01.png","width":4588,"height":2481,"caption":"fromagesenbalade.com"},"image":{"@id":"https://fromagesenbalade.com/#/schema/logo/image/"}}]}</script>
<!-- / Yoast SEO plugin. -->

Fromage au lait thermisé de vache, affiné 6 à 8 mois, fabriqué en Suisse. Sa chaire peut aller d'un blanc ivoire à un jaune paille ou doré selon l'affinage. Côté saveurs, il va du doux lacté et beurré au puissant, floral.
